Last updated on 2024-05-21 00:57:17 CEST.
Flavor | Version | Tinstall | Tcheck | Ttotal | Status | Flags |
---|---|---|---|---|---|---|
r-devel-linux-x86_64-debian-clang | 1.0 | 2.72 | 40.56 | 43.28 | OK | |
r-devel-linux-x86_64-debian-gcc | 1.0 | 3.05 | 30.53 | 33.58 | OK | |
r-devel-linux-x86_64-fedora-clang | 1.0 | 54.51 | NOTE | |||
r-devel-linux-x86_64-fedora-gcc | 1.0 | 51.59 | OK | |||
r-devel-windows-x86_64 | 1.0 | 4.00 | 50.00 | 54.00 | OK | |
r-patched-linux-x86_64 | 1.0 | 3.55 | 38.52 | 42.07 | OK | |
r-release-linux-x86_64 | 1.0 | 4.30 | 39.00 | 43.30 | OK | |
r-release-macos-arm64 | 1.0 | 21.00 | OK | |||
r-release-windows-x86_64 | 1.0 | 4.00 | 50.00 | 54.00 | OK | |
r-oldrel-macos-arm64 | 1.0 | 26.00 | OK | |||
r-oldrel-macos-x86_64 | 1.0 | 38.00 | OK | |||
r-oldrel-windows-x86_64 | 1.0 | 5.00 | 56.00 | 61.00 | OK |
Version: 1.0
Check: Rd cross-references
Result: NOTE
Undeclared package ‘tuneR’ in Rd xrefs
Flavor: r-devel-linux-x86_64-fedora-clang