CRAN Package Check Results for Package myTAI

Last updated on 2024-02-21 00:54:34 CET.

Flavor Version Tinstall Tcheck Ttotal Status Flags
r-devel-linux-x86_64-debian-clang 0.9.3 NOTE
r-devel-linux-x86_64-debian-gcc 0.9.3 25.76 153.45 179.21 NOTE
r-devel-linux-x86_64-fedora-clang 0.9.3 324.83 NOTE
r-devel-linux-x86_64-fedora-gcc 0.9.3 317.04 NOTE
r-devel-windows-x86_64 0.9.3 31.00 197.00 228.00 NOTE
r-patched-linux-x86_64 0.9.3 25.87 191.62 217.49 NOTE
r-release-linux-x86_64 0.9.3 30.97 189.70 220.67 NOTE
r-release-macos-arm64 0.9.3 120.00 NOTE
r-release-macos-x86_64 0.9.3 187.00 NOTE
r-release-windows-x86_64 0.9.3 39.00 247.00 286.00 NOTE
r-oldrel-macos-arm64 0.9.3 101.00 OK
r-oldrel-windows-x86_64 0.9.3 38.00 247.00 285.00 OK

Check Details

Version: 0.9.3
Check: C++ specification
Result: NOTE Specified C++11: please drop specification unless essential Flavors: r-devel-linux-x86_64-debian-clang, r-devel-linux-x86_64-debian-gcc, r-devel-linux-x86_64-fedora-clang, r-devel-linux-x86_64-fedora-gcc, r-devel-windows-x86_64, r-patched-linux-x86_64, r-release-linux-x86_64, r-release-macos-arm64, r-release-macos-x86_64, r-release-windows-x86_64