CRAN Package Check Results for Package myTAI

Last updated on 2024-07-13 16:48:22 CEST.

Flavor Version Tinstall Tcheck Ttotal Status Flags
r-devel-linux-x86_64-debian-clang 0.9.3 36.82 192.69 229.51 NOTE
r-devel-linux-x86_64-debian-gcc 0.9.3 23.86 147.75 171.61 NOTE
r-devel-linux-x86_64-fedora-clang 0.9.3 325.44 NOTE
r-devel-linux-x86_64-fedora-gcc 0.9.3 310.11 NOTE
r-devel-windows-x86_64 0.9.3 31.00 203.00 234.00 NOTE
r-patched-linux-x86_64 0.9.3 20.00 185.37 205.37 NOTE
r-release-linux-x86_64 0.9.3 20.78 187.27 208.05 NOTE
r-release-macos-arm64 0.9.3 111.00 NOTE
r-release-macos-x86_64 0.9.3 166.00 NOTE
r-release-windows-x86_64 0.9.3 31.00 208.00 239.00 NOTE
r-oldrel-macos-arm64 0.9.3 120.00 NOTE
r-oldrel-macos-x86_64 0.9.3 187.00 NOTE
r-oldrel-windows-x86_64 0.9.3 39.00 247.00 286.00 NOTE

Check Details

Version: 0.9.3
Check: C++ specification
Result: NOTE Specified C++11: please drop specification unless essential Flavors: r-devel-linux-x86_64-debian-clang, r-devel-linux-x86_64-debian-gcc, r-devel-linux-x86_64-fedora-clang, r-devel-linux-x86_64-fedora-gcc, r-devel-windows-x86_64, r-patched-linux-x86_64, r-release-linux-x86_64, r-release-macos-arm64, r-release-macos-x86_64, r-release-windows-x86_64, r-oldrel-macos-arm64, r-oldrel-macos-x86_64, r-oldrel-windows-x86_64