CRAN Package Check Results for Package nCopula

Last updated on 2024-02-22 00:58:36 CET.

Flavor Version Tinstall Tcheck Ttotal Status Flags
r-devel-linux-x86_64-debian-clang 0.1.1 NOTE
r-devel-linux-x86_64-debian-gcc 0.1.1 10.16 65.77 75.93 NOTE
r-devel-linux-x86_64-fedora-clang 0.1.1 118.89 NOTE
r-devel-linux-x86_64-fedora-gcc 0.1.1 116.48 NOTE
r-devel-windows-x86_64 0.1.1 11.00 83.00 94.00 NOTE
r-patched-linux-x86_64 0.1.1 12.91 85.78 98.69 OK
r-release-linux-x86_64 0.1.1 10.33 84.65 94.98 OK
r-release-macos-arm64 0.1.1 39.00 OK
r-release-macos-x86_64 0.1.1 65.00 OK
r-release-windows-x86_64 0.1.1 13.00 96.00 109.00 OK
r-oldrel-macos-arm64 0.1.1 36.00 NOTE
r-oldrel-windows-x86_64 0.1.1 16.00 98.00 114.00 OK

Check Details

Version: 0.1.1
Check: Rd \usage sections
Result: NOTE Documented arguments not in \usage in Rd file 'Moth.Rd': ‘delta.ident’ Functions with \usage entries need to have the appropriate \alias entries, and all their arguments documented. The \usage entries must correspond to syntactically valid R code. See chapter ‘Writing R documentation files’ in the ‘Writing R Extensions’ manual. Flavors: r-devel-linux-x86_64-debian-clang, r-devel-linux-x86_64-debian-gcc, r-devel-linux-x86_64-fedora-clang, r-devel-linux-x86_64-fedora-gcc, r-devel-windows-x86_64

Version: 0.1.1
Check: dependencies in R code
Result: NOTE Namespaces in Imports field not imported from: ‘Deriv’ ‘compiler’ ‘stringi’ All declared Imports should be used. Flavors: r-devel-linux-x86_64-fedora-clang, r-devel-linux-x86_64-fedora-gcc, r-oldrel-macos-arm64