CRAN Package Check Results for Package nardl

Last updated on 2024-02-23 08:53:38 CET.

Flavor Version Tinstall Tcheck Ttotal Status Flags
r-devel-linux-x86_64-debian-clang 0.1.6 NOTE
r-devel-linux-x86_64-debian-gcc 0.1.6 5.08 34.40 39.48 NOTE
r-devel-linux-x86_64-fedora-clang 0.1.6 63.34 OK
r-devel-linux-x86_64-fedora-gcc 0.1.6 59.99 OK
r-devel-windows-x86_64 0.1.6 7.00 53.00 60.00 OK
r-patched-linux-x86_64 0.1.6 5.23 44.61 49.84 OK
r-release-linux-x86_64 0.1.6 7.03 44.40 51.43 OK
r-release-macos-arm64 0.1.6 26.00 OK
r-release-macos-x86_64 0.1.6 32.00 OK
r-release-windows-x86_64 0.1.6 10.00 58.00 68.00 OK
r-oldrel-macos-arm64 0.1.6 22.00 OK
r-oldrel-windows-x86_64 0.1.6 9.00 63.00 72.00 OK

Check Details

Version: 0.1.6
Check: Rd files
Result: NOTE checkRd: (-1) fod.Rd:12: Lost braces in \itemize; meant \describe ? checkRd: (-1) fod.Rd:13: Lost braces in \itemize; meant \describe ? checkRd: (-1) fod.Rd:14: Lost braces in \itemize; meant \describe ? Flavors: r-devel-linux-x86_64-debian-clang, r-devel-linux-x86_64-debian-gcc