CRAN Package Check Results for Package natstrat

Last updated on 2023-12-07 00:56:20 CET.

Flavor Version Tinstall Tcheck Ttotal Status Flags
r-devel-linux-x86_64-debian-clang 2.0.0 19.43 257.44 276.87 NOTE
r-devel-linux-x86_64-debian-gcc 2.0.0 14.21 189.01 203.22 NOTE
r-devel-linux-x86_64-fedora-clang 2.0.0 332.96 NOTE
r-devel-linux-x86_64-fedora-gcc 2.0.0 330.71 NOTE
r-devel-windows-x86_64 2.0.0 15.00 186.00 201.00 NOTE
r-patched-linux-x86_64 2.0.0 13.41 242.57 255.98 NOTE
r-release-linux-x86_64 2.0.0 12.53 241.25 253.78 NOTE
r-release-macos-arm64 2.0.0 108.00 NOTE
r-release-macos-x86_64 2.0.0 180.00 NOTE
r-release-windows-x86_64 2.0.0 22.00 235.00 257.00 NOTE
r-oldrel-macos-arm64 2.0.0 69.00 NOTE
r-oldrel-macos-x86_64 2.0.0 145.00 NOTE
r-oldrel-windows-x86_64 2.0.0 21.00 224.00 245.00 NOTE

Check Details

Version: 2.0.0
Check: package dependencies
Result: NOTE Package suggested but not available for checking: ‘gurobi’ Flavors: r-devel-linux-x86_64-debian-clang, r-devel-linux-x86_64-debian-gcc, r-devel-linux-x86_64-fedora-clang, r-devel-linux-x86_64-fedora-gcc, r-devel-windows-x86_64, r-patched-linux-x86_64, r-release-linux-x86_64, r-release-macos-arm64, r-release-macos-x86_64, r-release-windows-x86_64, r-oldrel-macos-arm64, r-oldrel-macos-x86_64, r-oldrel-windows-x86_64