Last updated on 2024-05-06 00:52:50 CEST.
Flavor | Version | Tinstall | Tcheck | Ttotal | Status | Flags |
---|---|---|---|---|---|---|
r-devel-linux-x86_64-debian-clang | 0.0.1 | 96.07 | 203.69 | 299.76 | NOTE | |
r-devel-linux-x86_64-debian-gcc | 0.0.1 | 78.80 | 154.63 | 233.43 | NOTE | |
r-devel-linux-x86_64-fedora-clang | 0.0.1 | 389.96 | NOTE | |||
r-devel-linux-x86_64-fedora-gcc | 0.0.1 | 397.82 | NOTE | |||
r-devel-windows-x86_64 | 0.0.1 | 72.00 | 185.00 | 257.00 | NOTE | |
r-patched-linux-x86_64 | 0.0.1 | 68.06 | 197.13 | 265.19 | NOTE | |
r-release-linux-x86_64 | 0.0.1 | 68.86 | 200.53 | 269.39 | NOTE | |
r-release-macos-arm64 | 0.0.1 | 107.00 | NOTE | |||
r-release-windows-x86_64 | 0.0.1 | 77.00 | 184.00 | 261.00 | NOTE | |
r-oldrel-macos-arm64 | 0.0.1 | 98.00 | NOTE | |||
r-oldrel-macos-x86_64 | 0.0.1 | 204.00 | NOTE | |||
r-oldrel-windows-x86_64 | 0.0.1 | 95.00 | 229.00 | 324.00 | NOTE |
Version: 0.0.1
Check: for GNU extensions in Makefiles
Result: NOTE
GNU make is a SystemRequirements.
Flavors: r-devel-linux-x86_64-debian-clang, r-devel-linux-x86_64-debian-gcc, r-devel-linux-x86_64-fedora-clang, r-devel-linux-x86_64-fedora-gcc, r-devel-windows-x86_64, r-patched-linux-x86_64, r-release-linux-x86_64, r-release-macos-arm64, r-release-windows-x86_64, r-oldrel-macos-arm64, r-oldrel-macos-x86_64, r-oldrel-windows-x86_64
Version: 0.0.1
Check: installed package size
Result: NOTE
installed size is 9.0Mb
sub-directories of 1Mb or more:
data 1.5Mb
doc 6.5Mb
Flavors: r-devel-linux-x86_64-fedora-clang, r-devel-windows-x86_64, r-release-macos-arm64, r-release-windows-x86_64, r-oldrel-macos-arm64, r-oldrel-macos-x86_64, r-oldrel-windows-x86_64