CRAN Package Check Results for Package neo4r

Last updated on 2024-02-25 01:01:11 CET.

Flavor Version Tinstall Tcheck Ttotal Status Flags
r-devel-linux-x86_64-debian-clang 0.1.1 8.86 58.33 67.19 NOTE
r-devel-linux-x86_64-debian-gcc 0.1.1 6.96 43.14 50.10 NOTE
r-devel-linux-x86_64-fedora-clang 0.1.1 80.50 NOTE
r-devel-linux-x86_64-fedora-gcc 0.1.1 75.00 NOTE
r-devel-windows-x86_64 0.1.1 8.00 61.00 69.00 NOTE
r-patched-linux-x86_64 0.1.1 5.13 54.13 59.26 NOTE
r-release-linux-x86_64 0.1.1 4.90 54.12 59.02 NOTE
r-release-macos-arm64 0.1.1 28.00 NOTE
r-release-macos-x86_64 0.1.1 39.00 NOTE
r-release-windows-x86_64 0.1.1 11.00 70.00 81.00 NOTE
r-oldrel-macos-arm64 0.1.1 25.00 NOTE
r-oldrel-windows-x86_64 0.1.1 11.00 77.00 88.00 NOTE

Check Details

Version: 0.1.1
Check: LazyData
Result: NOTE 'LazyData' is specified without a 'data' directory Flavors: r-devel-linux-x86_64-debian-clang, r-devel-linux-x86_64-debian-gcc, r-devel-linux-x86_64-fedora-clang, r-devel-linux-x86_64-fedora-gcc, r-devel-windows-x86_64, r-patched-linux-x86_64, r-release-linux-x86_64, r-release-macos-arm64, r-release-macos-x86_64, r-release-windows-x86_64, r-oldrel-macos-arm64, r-oldrel-windows-x86_64

Version: 0.1.1
Check: dependencies in R code
Result: NOTE Namespaces in Imports field not imported from: ‘igraph’ ‘rlang’ ‘tidyselect’ All declared Imports should be used. Flavors: r-devel-linux-x86_64-fedora-clang, r-devel-linux-x86_64-fedora-gcc, r-oldrel-macos-arm64