Last updated on 2024-05-02 08:57:49 CEST.
Flavor | Version | Tinstall | Tcheck | Ttotal | Status | Flags |
---|---|---|---|---|---|---|
r-devel-linux-x86_64-debian-clang | 2.4.1 | 7.80 | 63.34 | 71.14 | OK | |
r-devel-linux-x86_64-debian-gcc | 2.4.2 | 6.93 | 45.69 | 52.62 | OK | |
r-devel-linux-x86_64-fedora-clang | 2.4.2 | 98.37 | OK | |||
r-devel-linux-x86_64-fedora-gcc | 2.4.2 | 85.38 | OK | |||
r-devel-windows-x86_64 | 2.4.2 | 10.00 | 73.00 | 83.00 | OK | |
r-patched-linux-x86_64 | 2.4.2 | 10.19 | 59.76 | 69.95 | OK | |
r-release-linux-x86_64 | 2.4.1 | 5.60 | 59.72 | 65.32 | OK | |
r-release-macos-arm64 | 2.4.2 | 36.00 | OK | |||
r-release-macos-x86_64 | 2.4.2 | 87.00 | OK | |||
r-release-windows-x86_64 | 2.4.1 | 10.00 | 73.00 | 83.00 | OK | |
r-oldrel-macos-arm64 | 2.4.2 | 43.00 | NOTE | |||
r-oldrel-macos-x86_64 | 2.4.2 | 72.00 | NOTE | |||
r-oldrel-windows-x86_64 | 2.4.2 | 12.00 | 80.00 | 92.00 | OK |
Version: 2.4.2
Check: package dependencies
Result: NOTE
Package suggested but not available for checking: ‘rhdf5’
Flavors: r-oldrel-macos-arm64, r-oldrel-macos-x86_64