CRAN Package Check Results for Package nestcolor

Last updated on 2024-02-23 16:53:24 CET.

Flavor Version Tinstall Tcheck Ttotal Status Flags
r-devel-linux-x86_64-debian-clang 0.1.2 NOTE
r-devel-linux-x86_64-debian-gcc 0.1.2 2.45 30.65 33.10 NOTE
r-devel-linux-x86_64-fedora-clang 0.1.2 53.01 OK
r-devel-linux-x86_64-fedora-gcc 0.1.2 63.09 OK
r-devel-windows-x86_64 0.1.2 4.00 52.00 56.00 OK
r-patched-linux-x86_64 0.1.2 3.32 38.52 41.84 OK
r-release-linux-x86_64 0.1.2 2.15 37.71 39.86 OK
r-release-macos-arm64 0.1.2 31.00 OK
r-release-macos-x86_64 0.1.2 49.00 OK
r-release-windows-x86_64 0.1.2 5.00 56.00 61.00 OK
r-oldrel-macos-arm64 0.1.2 27.00 OK
r-oldrel-windows-x86_64 0.1.2 6.00 58.00 64.00 OK

Check Details

Version: 0.1.2
Check: Rd files
Result: NOTE checkRd: (-1) color_palette.Rd:16: Lost braces in \itemize; meant \describe ? checkRd: (-1) color_palette.Rd:17: Lost braces in \itemize; meant \describe ? checkRd: (-1) color_palette.Rd:18: Lost braces in \itemize; meant \describe ? checkRd: (-1) color_palette.Rd:19: Lost braces in \itemize; meant \describe ? checkRd: (-1) color_palette.Rd:26: Lost braces in \itemize; meant \describe ? checkRd: (-1) color_palette.Rd:27: Lost braces in \itemize; meant \describe ? checkRd: (-1) color_palette.Rd:28: Lost braces in \itemize; meant \describe ? checkRd: (-1) color_palette.Rd:29: Lost braces in \itemize; meant \describe ? Flavors: r-devel-linux-x86_64-debian-clang, r-devel-linux-x86_64-debian-gcc