CRAN Package Check Results for Package nestcolor

Last updated on 2024-07-13 16:48:22 CEST.

Flavor Version Tinstall Tcheck Ttotal Status Flags
r-devel-linux-x86_64-debian-clang 0.1.2 3.52 43.98 47.50 NOTE
r-devel-linux-x86_64-debian-gcc 0.1.2 2.34 33.49 35.83 NOTE
r-devel-linux-x86_64-fedora-clang 0.1.2 59.93 NOTE
r-devel-linux-x86_64-fedora-gcc 0.1.2 69.24 NOTE
r-devel-windows-x86_64 0.1.2 5.00 52.00 57.00 NOTE
r-patched-linux-x86_64 0.1.2 2.93 41.75 44.68 NOTE
r-release-linux-x86_64 0.1.2 2.87 41.80 44.67 NOTE
r-release-macos-arm64 0.1.2 27.00 NOTE
r-release-macos-x86_64 0.1.2 43.00 NOTE
r-release-windows-x86_64 0.1.2 4.00 54.00 58.00 NOTE
r-oldrel-macos-arm64 0.1.2 31.00 OK
r-oldrel-macos-x86_64 0.1.2 49.00 OK
r-oldrel-windows-x86_64 0.1.2 5.00 57.00 62.00 OK

Check Details

Version: 0.1.2
Check: Rd files
Result: NOTE checkRd: (-1) color_palette.Rd:16: Lost braces in \itemize; meant \describe ? checkRd: (-1) color_palette.Rd:17: Lost braces in \itemize; meant \describe ? checkRd: (-1) color_palette.Rd:18: Lost braces in \itemize; meant \describe ? checkRd: (-1) color_palette.Rd:19: Lost braces in \itemize; meant \describe ? checkRd: (-1) color_palette.Rd:26: Lost braces in \itemize; meant \describe ? checkRd: (-1) color_palette.Rd:27: Lost braces in \itemize; meant \describe ? checkRd: (-1) color_palette.Rd:28: Lost braces in \itemize; meant \describe ? checkRd: (-1) color_palette.Rd:29: Lost braces in \itemize; meant \describe ? Flavors: r-devel-linux-x86_64-debian-clang, r-devel-linux-x86_64-debian-gcc, r-devel-linux-x86_64-fedora-clang, r-devel-linux-x86_64-fedora-gcc, r-devel-windows-x86_64, r-patched-linux-x86_64, r-release-linux-x86_64, r-release-macos-arm64, r-release-macos-x86_64, r-release-windows-x86_64