Last updated on 2023-12-07 20:48:45 CET.
Flavor | Version | Tinstall | Tcheck | Ttotal | Status | Flags |
---|---|---|---|---|---|---|
r-devel-linux-x86_64-debian-clang | 2.0.48 | 14.69 | 133.01 | 147.70 | OK | |
r-devel-linux-x86_64-debian-gcc | 2.0.48 | 13.01 | 98.54 | 111.55 | OK | |
r-devel-linux-x86_64-fedora-clang | 2.0.48 | 179.69 | NOTE | |||
r-devel-linux-x86_64-fedora-gcc | 2.0.48 | 185.51 | NOTE | |||
r-devel-windows-x86_64 | 2.0.48 | 13.00 | 125.00 | 138.00 | OK | |
r-patched-linux-x86_64 | 2.0.48 | 22.36 | 128.24 | 150.60 | OK | |
r-release-linux-x86_64 | 2.0.48 | 9.97 | 126.16 | 136.13 | OK | |
r-release-macos-arm64 | 2.0.48 | 67.00 | OK | |||
r-release-macos-x86_64 | 2.0.48 | 98.00 | OK | |||
r-release-windows-x86_64 | 2.0.48 | 20.00 | 148.00 | 168.00 | OK | |
r-oldrel-macos-arm64 | 2.0.48 | 44.00 | OK | |||
r-oldrel-macos-x86_64 | 2.0.48 | 73.00 | OK | |||
r-oldrel-windows-x86_64 | 2.0.48 | 20.00 | 151.00 | 171.00 | OK |
Version: 2.0.48
Check: data for non-ASCII characters
Result: NOTE
Note: found 21 marked UTF-8 strings
Flavors: r-devel-linux-x86_64-fedora-clang, r-devel-linux-x86_64-fedora-gcc