CRAN Package Check Results for Package netcontrol

Last updated on 2024-02-24 08:49:43 CET.

Flavor Version Tinstall Tcheck Ttotal Status Flags
r-devel-linux-x86_64-debian-clang 0.1 38.78 72.51 111.29 NOTE
r-devel-linux-x86_64-debian-gcc 0.1 28.74 56.16 84.90 NOTE
r-devel-linux-x86_64-fedora-clang 0.1 149.48 NOTE
r-devel-linux-x86_64-fedora-gcc 0.1 145.61 NOTE
r-devel-windows-x86_64 0.1 32.00 88.00 120.00 NOTE
r-patched-linux-x86_64 0.1 40.28 72.64 112.92 NOTE
r-release-linux-x86_64 0.1 36.89 72.69 109.58 NOTE
r-release-macos-arm64 0.1 47.00 NOTE
r-release-macos-x86_64 0.1 71.00 NOTE
r-release-windows-x86_64 0.1 42.00 109.00 151.00 NOTE
r-oldrel-macos-arm64 0.1 40.00 OK
r-oldrel-windows-x86_64 0.1 39.00 105.00 144.00 OK

Check Details

Version: 0.1
Check: C++ specification
Result: NOTE Specified C++11: please drop specification unless essential Flavors: r-devel-linux-x86_64-debian-clang, r-devel-linux-x86_64-debian-gcc, r-devel-linux-x86_64-fedora-clang, r-devel-linux-x86_64-fedora-gcc, r-devel-windows-x86_64, r-patched-linux-x86_64, r-release-linux-x86_64, r-release-macos-arm64, r-release-macos-x86_64, r-release-windows-x86_64