Last updated on 2024-05-02 16:48:28 CEST.
Flavor | Version | Tinstall | Tcheck | Ttotal | Status | Flags |
---|---|---|---|---|---|---|
r-devel-linux-x86_64-debian-clang | 1.2.3 | 211.39 | 140.24 | 351.63 | OK | |
r-devel-linux-x86_64-debian-gcc | 1.2.3 | 149.34 | 106.77 | 256.11 | OK | |
r-devel-linux-x86_64-fedora-clang | 1.2.3 | 498.71 | OK | |||
r-devel-linux-x86_64-fedora-gcc | 1.2.3 | 490.43 | OK | |||
r-devel-windows-x86_64 | 1.2.3 | 148.00 | 156.00 | 304.00 | OK | |
r-patched-linux-x86_64 | 1.2.3 | 198.69 | 133.63 | 332.32 | OK | |
r-release-linux-x86_64 | 1.2.3 | 191.25 | 136.42 | 327.67 | OK | |
r-release-macos-arm64 | 1.2.3 | 105.00 | NOTE | |||
r-release-windows-x86_64 | 1.2.3 | 156.00 | 149.00 | 305.00 | OK | |
r-oldrel-macos-arm64 | 1.2.3 | 113.00 | NOTE | |||
r-oldrel-macos-x86_64 | 1.2.3 | 202.00 | NOTE | |||
r-oldrel-windows-x86_64 | 1.2.3 | 184.00 | 179.00 | 363.00 | OK |
Version: 1.2.3
Check: installed package size
Result: NOTE
installed size is 6.7Mb
sub-directories of 1Mb or more:
doc 1.6Mb
libs 4.9Mb
Flavors: r-release-macos-arm64, r-oldrel-macos-arm64, r-oldrel-macos-x86_64