CRAN Package Check Results for Package networkDynamicData

Last updated on 2024-04-24 16:54:38 CEST.

Flavor Version Tinstall Tcheck Ttotal Status Flags
r-devel-linux-x86_64-debian-clang 0.2.1 2.58 40.80 43.38 NOTE
r-devel-linux-x86_64-debian-gcc 0.2.1 2.62 30.34 32.96 NOTE
r-devel-linux-x86_64-fedora-clang 0.2.1 56.89 NOTE
r-devel-linux-x86_64-fedora-gcc 0.2.1 54.71 NOTE
r-devel-windows-x86_64 0.2.1 4.00 53.00 57.00 NOTE
r-patched-linux-x86_64 0.2.1 8.07 38.55 46.62 NOTE
r-release-linux-x86_64 0.2.1 2.44 39.66 42.10 OK
r-release-macos-arm64 0.2.1 22.00 OK
r-release-windows-x86_64 0.2.1 4.00 52.00 56.00 NOTE
r-oldrel-macos-arm64 0.2.1 21.00 OK
r-oldrel-macos-x86_64 0.2.1 32.00 OK
r-oldrel-windows-x86_64 0.2.1 6.00 57.00 63.00 OK

Check Details

Version: 0.2.1
Check: Rd files
Result: NOTE checkRd: (-1) harry_potter.Rd:44: Lost braces in \itemize; meant \describe ? checkRd: (-1) harry_potter.Rd:45: Lost braces in \itemize; meant \describe ? checkRd: (-1) harry_potter.Rd:46: Lost braces in \itemize; meant \describe ? checkRd: (-1) harry_potter.Rd:47-48: Lost braces in \itemize; meant \describe ? checkRd: (-1) harry_potter.Rd:49: Lost braces in \itemize; meant \describe ? checkRd: (-1) vanDeBunt_students.Rd:46: Lost braces in \itemize; meant \describe ? checkRd: (-1) vanDeBunt_students.Rd:47: Lost braces in \itemize; meant \describe ? checkRd: (-1) vanDeBunt_students.Rd:48: Lost braces in \itemize; meant \describe ? checkRd: (-1) vanDeBunt_students.Rd:49: Lost braces in \itemize; meant \describe ? Flavors: r-devel-linux-x86_64-debian-clang, r-devel-linux-x86_64-debian-gcc, r-devel-linux-x86_64-fedora-clang, r-devel-linux-x86_64-fedora-gcc, r-devel-windows-x86_64, r-patched-linux-x86_64, r-release-windows-x86_64