Last updated on 2024-08-31 17:49:01 CEST.
Flavor | Version | Tinstall | Tcheck | Ttotal | Status | Flags |
---|---|---|---|---|---|---|
r-devel-linux-x86_64-debian-clang | 1.0.1 | 8.47 | 58.70 | 67.17 | NOTE | |
r-devel-linux-x86_64-debian-gcc | 1.0.1 | 6.30 | 43.35 | 49.65 | NOTE | |
r-devel-linux-x86_64-fedora-clang | 1.0.1 | 106.75 | NOTE | |||
r-devel-linux-x86_64-fedora-gcc | 1.0.1 | 99.74 | NOTE | |||
r-devel-windows-x86_64 | 1.0.1 | 9.00 | 71.00 | 80.00 | NOTE | |
r-patched-linux-x86_64 | 1.0.1 | 7.04 | 55.28 | 62.32 | NOTE | |
r-release-linux-x86_64 | 1.0.1 | 6.23 | 55.67 | 61.90 | NOTE | |
r-release-macos-arm64 | 1.0.1 | 38.00 | NOTE | |||
r-release-macos-x86_64 | 1.0.1 | 53.00 | NOTE | |||
r-release-windows-x86_64 | 1.0.1 | 10.00 | 83.00 | 93.00 | NOTE | |
r-oldrel-macos-arm64 | 1.0.1 | 39.00 | OK | |||
r-oldrel-macos-x86_64 | 1.0.1 | 57.00 | OK | |||
r-oldrel-windows-x86_64 | 1.0.1 | 13.00 | 85.00 | 98.00 | OK |
Version: 1.0.1
Check: Rd files
Result: NOTE
checkRd: (-1) networktree.Rd:56: Lost braces; missing escapes or markup?
56 | with a matrix response {y}. \code{x1} and \code{x2} are used as
| ^
Flavors: r-devel-linux-x86_64-debian-clang, r-devel-linux-x86_64-debian-gcc, r-devel-linux-x86_64-fedora-clang, r-devel-linux-x86_64-fedora-gcc, r-devel-windows-x86_64, r-patched-linux-x86_64, r-release-linux-x86_64, r-release-macos-arm64, r-release-macos-x86_64, r-release-windows-x86_64
Version: 1.0.1
Check: data for non-ASCII characters
Result: NOTE
Note: found 2 marked Latin-1 strings
Flavors: r-devel-linux-x86_64-fedora-clang, r-devel-linux-x86_64-fedora-gcc