CRAN Package Check Results for Package nextGenShinyApps

Last updated on 2024-02-25 08:53:08 CET.

Flavor Version Tinstall Tcheck Ttotal Status Flags
r-devel-linux-x86_64-debian-clang 2.0 4.67 45.98 50.65 OK
r-devel-linux-x86_64-debian-gcc 2.0 4.42 36.41 40.83 OK
r-devel-linux-x86_64-fedora-clang 2.0 67.44 NOTE
r-devel-linux-x86_64-fedora-gcc 2.0 78.70 NOTE
r-devel-windows-x86_64 2.0 6.00 65.00 71.00 OK
r-patched-linux-x86_64 2.0 5.28 46.17 51.45 OK
r-release-linux-x86_64 2.0 5.34 45.68 51.02 OK
r-release-macos-arm64 2.0 35.00 OK
r-release-macos-x86_64 2.0 70.00 OK
r-release-windows-x86_64 2.0 8.00 72.00 80.00 OK
r-oldrel-macos-arm64 2.0 33.00 OK
r-oldrel-windows-x86_64 2.0 9.00 74.00 83.00 OK

Check Details

Version: 2.0
Check: dependencies in R code
Result: NOTE Namespaces in Imports field not imported from: ‘quickcode’ ‘utils’ All declared Imports should be used. Flavors: r-devel-linux-x86_64-fedora-clang, r-devel-linux-x86_64-fedora-gcc