CRAN Package Check Results for Package nlcv

Last updated on 2024-03-01 16:49:26 CET.

Flavor Version Tinstall Tcheck Ttotal Status Flags
r-devel-linux-x86_64-debian-clang 0.3.5 47.52 530.10 577.62 NOTE
r-devel-linux-x86_64-debian-gcc 0.3.5 40.75 400.74 441.49 NOTE
r-devel-linux-x86_64-fedora-clang 0.3.5 748.38 NOTE
r-devel-linux-x86_64-fedora-gcc 0.3.5 760.87 NOTE
r-devel-windows-x86_64 0.3.5 43.00 382.00 425.00 OK
r-patched-linux-x86_64 0.3.5 55.99 521.51 577.50 OK
r-release-linux-x86_64 0.3.5 34.18 516.45 550.63 OK
r-release-macos-arm64 0.3.5 190.00 OK
r-release-macos-x86_64 0.3.5 436.00 OK
r-release-windows-x86_64 0.3.5 55.00 484.00 539.00 OK
r-oldrel-macos-arm64 0.3.5 127.00 OK
r-oldrel-windows-x86_64 0.3.5 54.00 412.00 466.00 OK

Check Details

Version: 0.3.5
Check: Rd files
Result: NOTE checkRd: (-1) mcrPlot.Rd:42-44: Lost braces in \itemize; \value handles \item{}{} directly checkRd: (-1) mcrPlot.Rd:45-47: Lost braces in \itemize; \value handles \item{}{} directly Flavors: r-devel-linux-x86_64-debian-clang, r-devel-linux-x86_64-debian-gcc, r-devel-linux-x86_64-fedora-clang, r-devel-linux-x86_64-fedora-gcc