CRAN Package Check Results for Package nlreg

Last updated on 2024-02-27 00:59:23 CET.

Flavor Version Tinstall Tcheck Ttotal Status Flags
r-devel-linux-x86_64-debian-clang 1.2-2.2 15.30 109.46 124.76 NOTE
r-devel-linux-x86_64-debian-gcc 1.2-2.2 9.96 81.77 91.73 NOTE
r-devel-linux-x86_64-fedora-clang 1.2-2.2 149.68 NOTE
r-devel-linux-x86_64-fedora-gcc 1.2-2.2 146.74 NOTE
r-devel-windows-x86_64 1.2-2.2 12.00 102.00 114.00 NOTE
r-patched-linux-x86_64 1.2-2.2 16.17 109.09 125.26 NOTE
r-release-linux-x86_64 1.2-2.2 13.54 106.61 120.15 NOTE
r-release-macos-arm64 1.2-2.2 46.00 NOTE
r-release-macos-x86_64 1.2-2.2 78.00 NOTE
r-release-windows-x86_64 1.2-2.2 16.00 120.00 136.00 NOTE
r-oldrel-macos-arm64 1.2-2.2 39.00 OK
r-oldrel-windows-x86_64 1.2-2.2 16.00 133.00 149.00 OK

Check Details

Version: 1.2-2.2
Check: Rd files
Result: NOTE checkRd: (-1) Dmean.Rd:62: Escaped LaTeX specials: \& checkRd: (-1) Dvar.Rd:63: Escaped LaTeX specials: \& Flavors: r-devel-linux-x86_64-debian-clang, r-devel-linux-x86_64-debian-gcc, r-devel-linux-x86_64-fedora-clang, r-devel-linux-x86_64-fedora-gcc, r-devel-windows-x86_64, r-patched-linux-x86_64, r-release-linux-x86_64, r-release-macos-arm64, r-release-macos-x86_64, r-release-windows-x86_64

Version: 1.2-2.2
Check: package dependencies
Result: NOTE Package suggested but not available for checking: ‘csampling’ Flavor: r-release-macos-x86_64

Version: 1.2-2.2
Check: Rd cross-references
Result: NOTE Package unavailable to check Rd xrefs: ‘csampling’ Flavor: r-release-macos-x86_64