CRAN Package Check Results for Package noah

Last updated on 2024-02-29 00:55:47 CET.

Flavor Version Tinstall Tcheck Ttotal Status Flags
r-devel-linux-x86_64-debian-clang 0.1.0 4.38 52.82 57.20 NOTE
r-devel-linux-x86_64-debian-gcc 0.1.0 3.19 39.81 43.00 NOTE
r-devel-linux-x86_64-fedora-clang 0.1.0 69.40 NOTE
r-devel-linux-x86_64-fedora-gcc 0.1.0 66.14 NOTE
r-devel-windows-x86_64 0.1.0 5.00 66.00 71.00 NOTE
r-patched-linux-x86_64 0.1.0 4.51 51.60 56.11 NOTE
r-release-linux-x86_64 0.1.0 4.36 51.83 56.19 NOTE
r-release-macos-arm64 0.1.0 29.00 NOTE
r-release-macos-x86_64 0.1.0 38.00 NOTE
r-release-windows-x86_64 0.1.0 7.00 72.00 79.00 NOTE
r-oldrel-macos-arm64 0.1.0 22.00 NOTE
r-oldrel-windows-x86_64 0.1.0 6.00 70.00 76.00 NOTE

Check Details

Version: 0.1.0
Check: LazyData
Result: NOTE 'LazyData' is specified without a 'data' directory Flavors: r-devel-linux-x86_64-debian-clang, r-devel-linux-x86_64-debian-gcc, r-devel-linux-x86_64-fedora-clang, r-devel-linux-x86_64-fedora-gcc, r-devel-windows-x86_64, r-patched-linux-x86_64, r-release-linux-x86_64, r-release-macos-arm64, r-release-macos-x86_64, r-release-windows-x86_64, r-oldrel-macos-arm64, r-oldrel-windows-x86_64

Version: 0.1.0
Check: dependencies in R code
Result: NOTE Namespaces in Imports field not imported from: ‘R6’ ‘crayon’ ‘digest’ ‘hash’ All declared Imports should be used. Flavors: r-devel-linux-x86_64-fedora-clang, r-devel-linux-x86_64-fedora-gcc, r-oldrel-macos-arm64