Last updated on 2024-05-05 16:51:53 CEST.
Flavor | Version | Tinstall | Tcheck | Ttotal | Status | Flags |
---|---|---|---|---|---|---|
r-devel-linux-x86_64-debian-clang | 1.0.2 | 26.45 | 253.46 | 279.91 | NOTE | |
r-devel-linux-x86_64-debian-gcc | 1.0.2 | 20.71 | 181.12 | 201.83 | NOTE | |
r-devel-linux-x86_64-fedora-clang | 1.0.2 | 345.71 | NOTE | |||
r-devel-linux-x86_64-fedora-gcc | 1.0.2 | 344.25 | NOTE | |||
r-devel-windows-x86_64 | 1.0.2 | 22.00 | 200.00 | 222.00 | NOTE | |
r-patched-linux-x86_64 | 1.0.2 | 18.62 | 236.60 | 255.22 | NOTE | |
r-release-linux-x86_64 | 1.0.2 | 16.79 | 234.47 | 251.26 | NOTE | |
r-release-macos-arm64 | 1.0.2 | 87.00 | NOTE | |||
r-release-windows-x86_64 | 1.0.2 | 23.00 | 208.00 | 231.00 | NOTE | |
r-oldrel-macos-arm64 | 1.0.2 | 98.00 | OK | |||
r-oldrel-macos-x86_64 | 1.0.2 | 180.00 | OK | |||
r-oldrel-windows-x86_64 | 1.0.2 | 32.00 | 262.00 | 294.00 | OK |
Version: 1.0.2
Check: Rd files
Result: NOTE
checkRd: (-1) imp_int_an.Rd:24: Lost braces in \itemize; meant \describe ?
checkRd: (-1) imp_int_an.Rd:25: Lost braces in \itemize; meant \describe ?
checkRd: (-1) plot.ndmodel.Rd:16: Lost braces in \itemize; meant \describe ?
checkRd: (-1) plot.ndmodel.Rd:17: Lost braces in \itemize; meant \describe ?
checkRd: (-1) plot.ndmodel.Rd:18: Lost braces in \itemize; meant \describe ?
Flavors: r-devel-linux-x86_64-debian-clang, r-devel-linux-x86_64-debian-gcc, r-devel-linux-x86_64-fedora-clang, r-devel-linux-x86_64-fedora-gcc, r-devel-windows-x86_64, r-patched-linux-x86_64, r-release-linux-x86_64, r-release-macos-arm64, r-release-windows-x86_64