CRAN Package Check Results for Package noisemodel

Last updated on 2024-02-23 00:59:35 CET.

Flavor Version Tinstall Tcheck Ttotal Status Flags
r-devel-linux-x86_64-debian-clang 1.0.2 NOTE
r-devel-linux-x86_64-debian-gcc 1.0.2 20.80 187.74 208.54 NOTE
r-devel-linux-x86_64-fedora-clang 1.0.2 340.95 OK
r-devel-linux-x86_64-fedora-gcc 1.0.2 341.16 OK
r-devel-windows-x86_64 1.0.2 22.00 210.00 232.00 OK
r-patched-linux-x86_64 1.0.2 24.00 244.93 268.93 OK
r-release-linux-x86_64 1.0.2 17.59 245.67 263.26 OK
r-release-macos-arm64 1.0.2 98.00 OK
r-release-macos-x86_64 1.0.2 180.00 OK
r-release-windows-x86_64 1.0.2 31.00 271.00 302.00 OK
r-oldrel-macos-arm64 1.0.2 93.00 OK
r-oldrel-windows-x86_64 1.0.2 31.00 249.00 280.00 OK

Check Details

Version: 1.0.2
Check: Rd files
Result: NOTE checkRd: (-1) imp_int_an.Rd:24: Lost braces in \itemize; meant \describe ? checkRd: (-1) imp_int_an.Rd:25: Lost braces in \itemize; meant \describe ? checkRd: (-1) plot.ndmodel.Rd:16: Lost braces in \itemize; meant \describe ? checkRd: (-1) plot.ndmodel.Rd:17: Lost braces in \itemize; meant \describe ? checkRd: (-1) plot.ndmodel.Rd:18: Lost braces in \itemize; meant \describe ? Flavors: r-devel-linux-x86_64-debian-clang, r-devel-linux-x86_64-debian-gcc