Last updated on 2023-10-04 00:58:30 CEST.
Flavor | Version | Tinstall | Tcheck | Ttotal | Status | Flags |
---|---|---|---|---|---|---|
r-devel-linux-x86_64-debian-clang | 0.4.7 | 7.22 | 70.90 | 78.12 | OK | |
r-devel-linux-x86_64-debian-gcc | 0.4.7 | 5.37 | 51.74 | 57.11 | ERROR | |
r-devel-linux-x86_64-fedora-clang | 0.4.7 | 94.40 | OK | |||
r-devel-linux-x86_64-fedora-gcc | 0.4.7 | 103.68 | OK | |||
r-devel-windows-x86_64 | 0.4.7 | 7.00 | 73.00 | 80.00 | OK | |
r-patched-linux-x86_64 | 0.4.7 | 8.33 | 64.71 | 73.04 | OK | |
r-release-linux-x86_64 | 0.4.7 | 6.13 | 63.33 | 69.46 | ERROR | |
r-release-macos-arm64 | 0.4.7 | 38.00 | OK | |||
r-release-macos-x86_64 | 0.4.7 | 62.00 | OK | |||
r-release-windows-x86_64 | 0.4.7 | 12.00 | 83.00 | 95.00 | OK | |
r-oldrel-macos-arm64 | 0.4.7 | 37.00 | OK | |||
r-oldrel-macos-x86_64 | 0.4.7 | 48.00 | OK | |||
r-oldrel-windows-x86_64 | 0.4.7 | 10.00 | 83.00 | 93.00 | OK |
Version: 0.4.7
Check: re-building of vignette outputs
Result: ERROR
Error(s) in re-building vignettes:
...
--- re-building ‘introduction.Rmd’ using rmarkdown
Quitting from lines 41-45 [specific-dataset] (introduction.Rmd)
Error: processing vignette 'introduction.Rmd' failed with diagnostics:
Timeout was reached: [www.nomisweb.co.uk] Resolving timed out after 10000 milliseconds
--- failed re-building ‘introduction.Rmd’
SUMMARY: processing the following file failed:
‘introduction.Rmd’
Error: Vignette re-building failed.
Execution halted
Flavors: r-devel-linux-x86_64-debian-gcc, r-release-linux-x86_64