CRAN Package Check Results for Package nomogramFormula

Last updated on 2024-04-24 16:54:38 CEST.

Flavor Version Tinstall Tcheck Ttotal Status Flags
r-devel-linux-x86_64-debian-clang 1.2.0.0 2.75 31.99 34.74 NOTE
r-devel-linux-x86_64-debian-gcc 1.2.0.0 2.31 25.37 27.68 NOTE
r-devel-linux-x86_64-fedora-clang 1.2.0.0 45.56 NOTE
r-devel-linux-x86_64-fedora-gcc 1.2.0.0 44.88 NOTE
r-devel-windows-x86_64 1.2.0.0 5.00 47.00 52.00 NOTE
r-patched-linux-x86_64 1.2.0.0 2.67 32.24 34.91 NOTE
r-release-linux-x86_64 1.2.0.0 1.73 31.20 32.93 NOTE
r-release-macos-arm64 1.2.0.0 19.00 NOTE
r-release-windows-x86_64 1.2.0.0 4.00 47.00 51.00 NOTE
r-oldrel-macos-arm64 1.2.0.0 21.00 NOTE
r-oldrel-macos-x86_64 1.2.0.0 25.00 NOTE
r-oldrel-windows-x86_64 1.2.0.0 5.00 51.00 56.00 NOTE

Check Details

Version: 1.2.0.0
Check: LazyData
Result: NOTE 'LazyData' is specified without a 'data' directory Flavors: r-devel-linux-x86_64-debian-clang, r-devel-linux-x86_64-debian-gcc, r-devel-linux-x86_64-fedora-clang, r-devel-linux-x86_64-fedora-gcc, r-devel-windows-x86_64, r-patched-linux-x86_64, r-release-linux-x86_64, r-release-macos-arm64, r-release-windows-x86_64, r-oldrel-macos-arm64, r-oldrel-macos-x86_64, r-oldrel-windows-x86_64