CRAN Package Check Results for Package nonmem2R

Last updated on 2024-02-23 16:53:24 CET.

Flavor Version Tinstall Tcheck Ttotal Status Flags
r-devel-linux-x86_64-debian-clang 0.2.4 NOTE
r-devel-linux-x86_64-debian-gcc 0.2.4 9.17 117.62 126.79 NOTE
r-devel-linux-x86_64-fedora-clang 0.2.4 207.41 NOTE
r-devel-linux-x86_64-fedora-gcc 0.2.4 211.49 NOTE
r-devel-windows-x86_64 0.2.4 12.00 140.00 152.00 NOTE
r-patched-linux-x86_64 0.2.4 12.77 157.28 170.05 OK
r-release-linux-x86_64 0.2.4 10.74 152.76 163.50 OK
r-release-macos-arm64 0.2.4 63.00 OK
r-release-macos-x86_64 0.2.4 100.00 OK
r-release-windows-x86_64 0.2.4 14.00 171.00 185.00 OK
r-oldrel-macos-arm64 0.2.4 71.00 OK
r-oldrel-windows-x86_64 0.2.4 14.00 167.00 181.00 OK

Check Details

Version: 0.2.4
Check: Rd files
Result: NOTE checkRd: (-1) systemPSN.Rd:23: Lost braces 23 | If psn is not available system{base} is used. | ^ checkRd: (-1) vpcfig.Rd:91: Lost braces 91 | The fy and fx arguments can be used to alter the scale of data plotted. For example, using fy=function(y){log(y+1)} | ^ Flavors: r-devel-linux-x86_64-debian-clang, r-devel-linux-x86_64-debian-gcc

Version: 0.2.4
Check: Rd \usage sections
Result: NOTE Documented arguments not in \usage in Rd file 'StatQQVPC.Rd': ‘mapping’ ‘data’ ‘geom’ ‘position’ ‘na.rm’ ‘show.legend’ ‘inherit.aes’ ‘...’ Documented arguments not in \usage in Rd file 'StatQQnorm.Rd': ‘mapping’ ‘data’ ‘geom’ ‘position’ ‘na.rm’ ‘show.legend’ ‘inherit.aes’ ‘...’ Documented arguments not in \usage in Rd file 'StatQQrefline.Rd': ‘mapping’ ‘data’ ‘geom’ ‘position’ ‘na.rm’ ‘show.legend’ ‘inherit.aes’ ‘...’ Documented arguments not in \usage in Rd file 'covload.sub.table.Rd': ‘nrows’ Functions with \usage entries need to have the appropriate \alias entries, and all their arguments documented. The \usage entries must correspond to syntactically valid R code. See chapter ‘Writing R documentation files’ in the ‘Writing R Extensions’ manual. Flavors: r-devel-linux-x86_64-debian-clang, r-devel-linux-x86_64-debian-gcc, r-devel-linux-x86_64-fedora-clang, r-devel-linux-x86_64-fedora-gcc, r-devel-windows-x86_64