CRAN Package Check Results for Package nord

Last updated on 2024-04-22 00:53:26 CEST.

Flavor Version Tinstall Tcheck Ttotal Status Flags
r-devel-linux-x86_64-debian-clang 1.0.0 4.23 51.38 55.61 NOTE
r-devel-linux-x86_64-debian-gcc 1.0.0 4.12 38.83 42.95 NOTE
r-devel-linux-x86_64-fedora-clang 1.0.0 69.28 NOTE
r-devel-linux-x86_64-fedora-gcc 1.0.0 67.33 NOTE
r-prerel-macos-arm64 1.0.0 25.00 NOTE
r-prerel-windows-x86_64 1.0.0 7.00 64.00 71.00 NOTE
r-patched-linux-x86_64 1.0.0 4.62 49.12 53.74 NOTE
r-release-linux-x86_64 1.0.0 4.57 47.82 52.39 NOTE
r-release-macos-arm64 1.0.0 27.00 NOTE
r-release-macos-x86_64 1.0.0 37.00 NOTE
r-release-windows-x86_64 1.0.0 7.00 68.00 75.00 NOTE
r-oldrel-macos-arm64 1.0.0 24.00 NOTE
r-oldrel-windows-x86_64 1.0.0 7.00 75.00 82.00 NOTE

Check Details

Version: 1.0.0
Check: LazyData
Result: NOTE 'LazyData' is specified without a 'data' directory Flavors: r-devel-linux-x86_64-debian-clang, r-devel-linux-x86_64-debian-gcc, r-devel-linux-x86_64-fedora-clang, r-devel-linux-x86_64-fedora-gcc, r-prerel-macos-arm64, r-prerel-windows-x86_64, r-patched-linux-x86_64, r-release-linux-x86_64, r-release-macos-arm64, r-release-macos-x86_64, r-release-windows-x86_64, r-oldrel-macos-arm64, r-oldrel-windows-x86_64