CRAN Package Check Results for Package nosoi

Last updated on 2024-02-28 00:56:27 CET.

Flavor Version Tinstall Tcheck Ttotal Status Flags
r-devel-linux-x86_64-debian-clang 1.1.2 4.04 233.87 237.91 NOTE
r-devel-linux-x86_64-debian-gcc 1.1.2 4.04 173.87 177.91 NOTE
r-devel-linux-x86_64-fedora-clang 1.1.2 312.67 OK
r-devel-linux-x86_64-fedora-gcc 1.1.2 323.35 OK
r-devel-windows-x86_64 1.1.2 5.00 213.00 218.00 OK
r-patched-linux-x86_64 1.1.2 8.15 231.05 239.20 OK
r-release-linux-x86_64 1.1.2 5.10 228.97 234.07 NOTE
r-release-macos-arm64 1.1.2 91.00 OK
r-release-macos-x86_64 1.1.2 235.00 OK
r-release-windows-x86_64 1.1.2 7.00 257.00 264.00 OK
r-oldrel-macos-arm64 1.1.2 89.00 OK
r-oldrel-windows-x86_64 1.1.2 7.00 228.00 235.00 OK

Check Details

Version: 1.1.2
Check: package dependencies
Result: NOTE Package suggested but not available for checking: ‘ggtree’ Flavors: r-devel-linux-x86_64-debian-clang, r-devel-linux-x86_64-debian-gcc, r-release-linux-x86_64