CRAN Package Check Results for Package nproc

Last updated on 2024-03-03 01:00:50 CET.

Flavor Version Tinstall Tcheck Ttotal Status Flags
r-devel-linux-x86_64-debian-clang 2.1.5 10.21 129.89 140.10 NOTE
r-devel-linux-x86_64-debian-gcc 2.1.5 7.53 88.47 96.00 NOTE
r-devel-linux-x86_64-fedora-clang 2.1.5 168.37 NOTE
r-devel-linux-x86_64-fedora-gcc 2.1.5 180.89 NOTE
r-devel-windows-x86_64 2.1.5 8.00 124.00 132.00 NOTE
r-patched-linux-x86_64 2.1.5 9.15 131.06 140.21 NOTE
r-release-linux-x86_64 2.1.5 10.38 131.48 141.86 NOTE
r-release-macos-arm64 2.1.5 59.00 NOTE
r-release-macos-x86_64 2.1.5 92.00 NOTE
r-release-windows-x86_64 2.1.5 11.00 140.00 151.00 NOTE
r-oldrel-macos-arm64 2.1.5 48.00 NOTE
r-oldrel-windows-x86_64 2.1.5 12.00 140.00 152.00 NOTE

Check Details

Version: 2.1.5
Check: LazyData
Result: NOTE 'LazyData' is specified without a 'data' directory Flavors: r-devel-linux-x86_64-debian-clang, r-devel-linux-x86_64-debian-gcc, r-devel-linux-x86_64-fedora-clang, r-devel-linux-x86_64-fedora-gcc, r-devel-windows-x86_64, r-patched-linux-x86_64, r-release-linux-x86_64, r-release-macos-arm64, r-release-macos-x86_64, r-release-windows-x86_64, r-oldrel-macos-arm64, r-oldrel-windows-x86_64