Last updated on 2024-05-02 00:58:47 CEST.
Flavor | Version | Tinstall | Tcheck | Ttotal | Status | Flags |
---|---|---|---|---|---|---|
r-devel-linux-x86_64-debian-clang | 0.7-16 | 34.96 | 189.67 | 224.63 | OK | |
r-devel-linux-x86_64-debian-gcc | 0.7-16 | 22.92 | 139.07 | 161.99 | OK | |
r-devel-linux-x86_64-fedora-clang | 0.7-16 | 277.38 | NOTE | |||
r-devel-linux-x86_64-fedora-gcc | 0.7-16 | 268.43 | OK | |||
r-devel-windows-x86_64 | 0.7-16 | 38.00 | 207.00 | 245.00 | OK | |
r-patched-linux-x86_64 | 0.7-16 | 27.37 | 176.98 | 204.35 | OK | |
r-release-linux-x86_64 | 0.7-16 | 24.98 | 182.63 | 207.61 | OK | |
r-release-macos-arm64 | 0.7-16 | 81.00 | OK | |||
r-release-windows-x86_64 | 0.7-16 | 40.00 | 206.00 | 246.00 | OK | |
r-oldrel-macos-arm64 | 0.7-16 | 100.00 | OK | |||
r-oldrel-macos-x86_64 | 0.7-16 | 329.00 | OK | |||
r-oldrel-windows-x86_64 | 0.7-16 | 45.00 | 207.00 | 252.00 | OK |
Version: 0.7-16
Check: installed package size
Result: NOTE
installed size is 5.0Mb
sub-directories of 1Mb or more:
doc 1.7Mb
libs 2.0Mb
Flavor: r-devel-linux-x86_64-fedora-clang