CRAN Package Check Results for Package nswgeo

Last updated on 2024-03-03 01:00:50 CET.

Flavor Version Tinstall Tcheck Ttotal Status Flags
r-devel-linux-x86_64-debian-clang 0.4.0 2.91 37.29 40.20 OK
r-devel-linux-x86_64-debian-gcc 0.4.0 2.73 28.75 31.48 OK
r-devel-linux-x86_64-fedora-clang 0.4.0 50.08 NOTE
r-devel-linux-x86_64-fedora-gcc 0.4.0 48.76 NOTE
r-devel-windows-x86_64 0.4.0 5.00 55.00 60.00 OK
r-patched-linux-x86_64 0.4.0 4.02 36.77 40.79 OK
r-release-linux-x86_64 0.4.0 3.17 36.58 39.75 OK
r-release-macos-arm64 0.4.0 31.00 OK
r-release-macos-x86_64 0.4.0 36.00 OK
r-release-windows-x86_64 0.4.0 6.00 57.00 63.00 OK
r-oldrel-macos-arm64 0.4.0 27.00 OK
r-oldrel-windows-x86_64 0.4.0 6.00 58.00 64.00 OK

Check Details

Version: 0.4.0
Check: data for non-ASCII characters
Result: NOTE Note: found 1 marked UTF-8 string Flavors: r-devel-linux-x86_64-fedora-clang, r-devel-linux-x86_64-fedora-gcc