Last updated on 2024-05-21 00:57:18 CEST.
Flavor | Version | Tinstall | Tcheck | Ttotal | Status | Flags |
---|---|---|---|---|---|---|
r-devel-linux-x86_64-debian-clang | 1.0.1 | 52.91 | 48.32 | 101.23 | OK | |
r-devel-linux-x86_64-debian-gcc | 1.0.1 | 37.72 | 36.39 | 74.11 | OK | |
r-devel-linux-x86_64-fedora-clang | 1.0.1 | 137.17 | NOTE | |||
r-devel-linux-x86_64-fedora-gcc | 1.0.1 | 151.63 | NOTE | |||
r-devel-windows-x86_64 | 1.0.1 | 37.00 | 74.00 | 111.00 | OK | |
r-patched-linux-x86_64 | 1.0.1 | 49.05 | 45.75 | 94.80 | OK | |
r-release-linux-x86_64 | 1.0.1 | 48.44 | 46.65 | 95.09 | OK | |
r-release-macos-arm64 | 1.0.1 | 38.00 | OK | |||
r-release-windows-x86_64 | 1.0.1 | 39.00 | 78.00 | 117.00 | OK | |
r-oldrel-macos-arm64 | 1.0.1 | 43.00 | OK | |||
r-oldrel-macos-x86_64 | 1.0.1 | 67.00 | OK | |||
r-oldrel-windows-x86_64 | 1.0.1 | 48.00 | 89.00 | 137.00 | OK |
Version: 1.0.1
Check: dependencies in R code
Result: NOTE
Namespace in Imports field not imported from: ‘pedtools’
All declared Imports should be used.
Flavors: r-devel-linux-x86_64-fedora-clang, r-devel-linux-x86_64-fedora-gcc