CRAN Package Check Results for Package oceanic

Last updated on 2024-02-25 16:51:48 CET.

Flavor Version Tinstall Tcheck Ttotal Status Flags
r-devel-linux-x86_64-debian-clang 0.1.6 9.90 81.29 91.19 OK
r-devel-linux-x86_64-debian-gcc 0.1.6 8.24 61.57 69.81 OK
r-devel-linux-x86_64-fedora-clang 0.1.6 107.08 NOTE
r-devel-linux-x86_64-fedora-gcc 0.1.6 103.25 NOTE
r-devel-windows-x86_64 0.1.6 10.00 76.00 86.00 OK
r-patched-linux-x86_64 0.1.6 7.33 76.56 83.89 OK
r-release-linux-x86_64 0.1.6 6.78 76.10 82.88 OK
r-release-macos-arm64 0.1.6 34.00 OK
r-release-macos-x86_64 0.1.6 70.00 OK
r-release-windows-x86_64 0.1.6 13.00 88.00 101.00 OK
r-oldrel-macos-arm64 0.1.6 35.00 OK
r-oldrel-windows-x86_64 0.1.6 12.00 87.00 99.00 OK

Check Details

Version: 0.1.6
Check: data for non-ASCII characters
Result: NOTE Note: found 1242 marked UTF-8 strings Flavors: r-devel-linux-x86_64-fedora-clang, r-devel-linux-x86_64-fedora-gcc