CRAN Package Check Results for Package oceanmap

Last updated on 2024-02-25 08:53:08 CET.

Flavor Version Tinstall Tcheck Ttotal Status Flags
r-devel-linux-x86_64-debian-clang 0.1.6 39.04 425.35 464.39 OK
r-devel-linux-x86_64-debian-gcc 0.1.6 36.37 318.78 355.15 OK
r-devel-linux-x86_64-fedora-clang 0.1.6 570.05 NOTE
r-devel-linux-x86_64-fedora-gcc 0.1.6 550.32 OK
r-devel-windows-x86_64 0.1.6 36.00 283.00 319.00 NOTE
r-patched-linux-x86_64 0.1.6 38.21 414.68 452.89 OK
r-release-linux-x86_64 0.1.6 30.06 412.26 442.32 OK
r-release-macos-arm64 0.1.6 132.00 NOTE
r-release-macos-x86_64 0.1.6 312.00 NOTE
r-release-windows-x86_64 0.1.6 49.00 367.00 416.00 NOTE
r-oldrel-macos-arm64 0.1.6 138.00 NOTE
r-oldrel-windows-x86_64 0.1.6 49.00 357.00 406.00 NOTE

Check Details

Version: 0.1.6
Check: installed package size
Result: NOTE installed size is 6.2Mb sub-directories of 1Mb or more: R 1.5Mb test_files 4.2Mb Flavors: r-devel-linux-x86_64-fedora-clang, r-devel-windows-x86_64, r-release-macos-arm64, r-release-macos-x86_64, r-release-windows-x86_64, r-oldrel-macos-arm64, r-oldrel-windows-x86_64