CRAN Package Check Results for Package oddstream

Last updated on 2024-02-26 08:48:52 CET.

Flavor Version Tinstall Tcheck Ttotal Status Flags
r-devel-linux-x86_64-debian-clang 0.5.0 13.00 122.60 135.60 OK
r-devel-linux-x86_64-debian-gcc 0.5.0 13.19 91.54 104.73 OK
r-devel-linux-x86_64-fedora-clang 0.5.0 164.49 NOTE
r-devel-linux-x86_64-fedora-gcc 0.5.0 160.20 NOTE
r-devel-windows-x86_64 0.5.0 14.00 100.00 114.00 OK
r-patched-linux-x86_64 0.5.0 13.94 116.75 130.69 OK
r-release-linux-x86_64 0.5.0 10.79 115.08 125.87 OK
r-release-macos-arm64 0.5.0 52.00 OK
r-release-macos-x86_64 0.5.0 86.00 OK
r-release-windows-x86_64 0.5.0 18.00 118.00 136.00 OK
r-oldrel-macos-arm64 0.5.0 48.00 NOTE
r-oldrel-windows-x86_64 0.5.0 19.00 121.00 140.00 OK

Check Details

Version: 0.5.0
Check: dependencies in R code
Result: NOTE Namespaces in Imports field not imported from: ‘RColorBrewer’ ‘graphics’ All declared Imports should be used. Flavors: r-devel-linux-x86_64-fedora-clang, r-devel-linux-x86_64-fedora-gcc, r-oldrel-macos-arm64