CRAN Package Check Results for Package officedown

Last updated on 2024-07-13 08:49:16 CEST.

Flavor Version Tinstall Tcheck Ttotal Status Flags
r-devel-linux-x86_64-debian-clang 0.3.1 8.20 73.11 81.31 ERROR
r-devel-linux-x86_64-debian-gcc 0.3.1 5.38 54.37 59.75 ERROR
r-devel-linux-x86_64-fedora-clang 0.3.1 99.89 ERROR
r-devel-linux-x86_64-fedora-gcc 0.3.1 106.20 ERROR
r-devel-windows-x86_64 0.3.1 8.00 78.00 86.00 NOTE
r-patched-linux-x86_64 0.3.1 10.17 67.10 77.27 ERROR
r-release-linux-x86_64 0.3.1 4.11 69.27 73.38 ERROR
r-release-macos-arm64 0.3.1 42.00 OK
r-release-macos-x86_64 0.3.1 59.00 OK
r-release-windows-x86_64 0.3.1 8.00 75.00 83.00 OK
r-oldrel-macos-arm64 0.3.1 43.00 OK
r-oldrel-macos-x86_64 0.3.1 80.00 OK
r-oldrel-windows-x86_64 0.3.1 9.00 85.00 94.00 OK

Check Details

Version: 0.3.1
Check: tests
Result: ERROR Running ‘testthat.R’ [8s/11s] Running the tests in ‘tests/testthat.R’ failed. Complete output: > # This file is part of the standard setup for testthat. > # It is recommended that you do not modify it. > # > # Where should you do additional test configuration? > # Learn more about the roles of various files in: > # * https://r-pkgs.org/tests.html > # * https://testthat.r-lib.org/reference/test_package.html#special-files > > library(testthat) > library(officedown) > > test_check("officedown") [ FAIL 1 | WARN 0 | SKIP 6 | PASS 22 ] ══ Skipped tests (6) ═══════════════════════════════════════════════════════════ • doconv::msoffice_available() is not TRUE (6): 'test-rdocx-lists.R:58:3', 'test-rdocx-plots.R:30:3', 'test-rdocx-sections.R:49:3', 'test-rdocx-sections.R:60:3', 'test-rdocx-tables.R:29:3', 'test-rpptx.R:13:3' ══ Failed tests ════════════════════════════════════════════════════════════════ ── Failure ('test-rdocx-sections.R:17:3'): reading sections properties ───────── inherits(...) is not FALSE `actual`: TRUE `expected`: FALSE [ FAIL 1 | WARN 0 | SKIP 6 | PASS 22 ] Error: Test failures Execution halted Flavor: r-devel-linux-x86_64-debian-clang

Version: 0.3.1
Check: tests
Result: ERROR Running ‘testthat.R’ [6s/12s] Running the tests in ‘tests/testthat.R’ failed. Complete output: > # This file is part of the standard setup for testthat. > # It is recommended that you do not modify it. > # > # Where should you do additional test configuration? > # Learn more about the roles of various files in: > # * https://r-pkgs.org/tests.html > # * https://testthat.r-lib.org/reference/test_package.html#special-files > > library(testthat) > library(officedown) > > test_check("officedown") [ FAIL 1 | WARN 0 | SKIP 6 | PASS 22 ] ══ Skipped tests (6) ═══════════════════════════════════════════════════════════ • doconv::msoffice_available() is not TRUE (6): 'test-rdocx-lists.R:58:3', 'test-rdocx-plots.R:30:3', 'test-rdocx-sections.R:49:3', 'test-rdocx-sections.R:60:3', 'test-rdocx-tables.R:29:3', 'test-rpptx.R:13:3' ══ Failed tests ════════════════════════════════════════════════════════════════ ── Failure ('test-rdocx-sections.R:17:3'): reading sections properties ───────── inherits(...) is not FALSE `actual`: TRUE `expected`: FALSE [ FAIL 1 | WARN 0 | SKIP 6 | PASS 22 ] Error: Test failures Execution halted Flavor: r-devel-linux-x86_64-debian-gcc

Version: 0.3.1
Check: tests
Result: ERROR Running ‘testthat.R’ [10s/17s] Running the tests in ‘tests/testthat.R’ failed. Complete output: > # This file is part of the standard setup for testthat. > # It is recommended that you do not modify it. > # > # Where should you do additional test configuration? > # Learn more about the roles of various files in: > # * https://r-pkgs.org/tests.html > # * https://testthat.r-lib.org/reference/test_package.html#special-files > > library(testthat) > library(officedown) > > test_check("officedown") [ FAIL 1 | WARN 0 | SKIP 6 | PASS 22 ] ══ Skipped tests (6) ═══════════════════════════════════════════════════════════ • doconv::msoffice_available() is not TRUE (6): 'test-rdocx-lists.R:58:3', 'test-rdocx-plots.R:30:3', 'test-rdocx-sections.R:49:3', 'test-rdocx-sections.R:60:3', 'test-rdocx-tables.R:29:3', 'test-rpptx.R:13:3' ══ Failed tests ════════════════════════════════════════════════════════════════ ── Failure ('test-rdocx-sections.R:17:3'): reading sections properties ───────── inherits(...) is not FALSE `actual`: TRUE `expected`: FALSE [ FAIL 1 | WARN 0 | SKIP 6 | PASS 22 ] Error: Test failures Execution halted Flavor: r-devel-linux-x86_64-fedora-clang

Version: 0.3.1
Check: tests
Result: ERROR Running ‘testthat.R’ [10s/12s] Running the tests in ‘tests/testthat.R’ failed. Complete output: > # This file is part of the standard setup for testthat. > # It is recommended that you do not modify it. > # > # Where should you do additional test configuration? > # Learn more about the roles of various files in: > # * https://r-pkgs.org/tests.html > # * https://testthat.r-lib.org/reference/test_package.html#special-files > > library(testthat) > library(officedown) > > test_check("officedown") [ FAIL 1 | WARN 0 | SKIP 6 | PASS 22 ] ══ Skipped tests (6) ═══════════════════════════════════════════════════════════ • doconv::msoffice_available() is not TRUE (6): 'test-rdocx-lists.R:58:3', 'test-rdocx-plots.R:30:3', 'test-rdocx-sections.R:49:3', 'test-rdocx-sections.R:60:3', 'test-rdocx-tables.R:29:3', 'test-rpptx.R:13:3' ══ Failed tests ════════════════════════════════════════════════════════════════ ── Failure ('test-rdocx-sections.R:17:3'): reading sections properties ───────── inherits(...) is not FALSE `actual`: TRUE `expected`: FALSE [ FAIL 1 | WARN 0 | SKIP 6 | PASS 22 ] Error: Test failures Execution halted Flavor: r-devel-linux-x86_64-fedora-gcc

Version: 0.3.1
Check: Rd cross-references
Result: NOTE Found the following Rd file(s) with Rd \link{} targets missing package anchors: rdocx_document.Rd: page_size, page_mar, fp_text_lite Please provide package anchors for all Rd \link{} targets not in the package itself and the base packages. Flavor: r-devel-windows-x86_64

Version: 0.3.1
Check: tests
Result: ERROR Running ‘testthat.R’ [8s/10s] Running the tests in ‘tests/testthat.R’ failed. Complete output: > # This file is part of the standard setup for testthat. > # It is recommended that you do not modify it. > # > # Where should you do additional test configuration? > # Learn more about the roles of various files in: > # * https://r-pkgs.org/tests.html > # * https://testthat.r-lib.org/reference/test_package.html#special-files > > library(testthat) > library(officedown) > > test_check("officedown") [ FAIL 1 | WARN 0 | SKIP 6 | PASS 22 ] ══ Skipped tests (6) ═══════════════════════════════════════════════════════════ • doconv::msoffice_available() is not TRUE (6): 'test-rdocx-lists.R:58:3', 'test-rdocx-plots.R:30:3', 'test-rdocx-sections.R:49:3', 'test-rdocx-sections.R:60:3', 'test-rdocx-tables.R:29:3', 'test-rpptx.R:13:3' ══ Failed tests ════════════════════════════════════════════════════════════════ ── Failure ('test-rdocx-sections.R:17:3'): reading sections properties ───────── inherits(...) is not FALSE `actual`: TRUE `expected`: FALSE [ FAIL 1 | WARN 0 | SKIP 6 | PASS 22 ] Error: Test failures Execution halted Flavors: r-patched-linux-x86_64, r-release-linux-x86_64