CRAN Package Check Results for Package omsvg

Last updated on 2024-03-02 00:53:32 CET.

Flavor Version Tinstall Tcheck Ttotal Status Flags
r-devel-linux-x86_64-debian-clang 0.1.0 9.17 43.81 52.98 NOTE
r-devel-linux-x86_64-debian-gcc 0.1.0 8.66 33.30 41.96 NOTE
r-devel-linux-x86_64-fedora-clang 0.1.0 67.35 NOTE
r-devel-linux-x86_64-fedora-gcc 0.1.0 65.60 NOTE
r-devel-windows-x86_64 0.1.0 10.00 59.00 69.00 NOTE
r-patched-linux-x86_64 0.1.0 7.77 43.17 50.94 NOTE
r-release-linux-x86_64 0.1.0 7.25 42.25 49.50 NOTE
r-release-macos-arm64 0.1.0 25.00 NOTE
r-release-macos-x86_64 0.1.0 35.00 NOTE
r-release-windows-x86_64 0.1.0 15.00 63.00 78.00 NOTE
r-oldrel-macos-arm64 0.1.0 25.00 NOTE
r-oldrel-windows-x86_64 0.1.0 14.00 58.00 72.00 NOTE

Check Details

Version: 0.1.0
Check: LazyData
Result: NOTE 'LazyData' is specified without a 'data' directory Flavors: r-devel-linux-x86_64-debian-clang, r-devel-linux-x86_64-debian-gcc, r-devel-linux-x86_64-fedora-clang, r-devel-linux-x86_64-fedora-gcc, r-devel-windows-x86_64, r-patched-linux-x86_64, r-release-linux-x86_64, r-release-macos-arm64, r-release-macos-x86_64, r-release-windows-x86_64, r-oldrel-macos-arm64, r-oldrel-windows-x86_64

Version: 0.1.0
Check: dependencies in R code
Result: NOTE Namespace in Imports field not imported from: ‘gt’ All declared Imports should be used. Flavors: r-devel-linux-x86_64-fedora-clang, r-devel-linux-x86_64-fedora-gcc, r-oldrel-macos-arm64