Last updated on 2024-05-02 08:57:50 CEST.
Flavor | Version | Tinstall | Tcheck | Ttotal | Status | Flags |
---|---|---|---|---|---|---|
r-devel-linux-x86_64-debian-clang | 3.0.0 | 111.67 | 232.28 | 343.95 | OK | --no-vignettes |
r-devel-linux-x86_64-debian-gcc | 3.0.0 | 77.54 | 168.79 | 246.33 | OK | --no-vignettes |
r-devel-linux-x86_64-fedora-clang | 3.0.0 | 1102.07 | OK | |||
r-devel-linux-x86_64-fedora-gcc | 3.0.0 | 1077.07 | OK | |||
r-devel-windows-x86_64 | 3.0.0 | 79.00 | 554.00 | 633.00 | NOTE | |
r-patched-linux-x86_64 | 3.0.0 | 102.10 | 215.67 | 317.77 | OK | --no-vignettes |
r-release-linux-x86_64 | 3.0.0 | 92.74 | 221.34 | 314.08 | OK | --no-vignettes |
r-release-macos-arm64 | 3.0.0 | 289.00 | OK | |||
r-release-windows-x86_64 | 3.0.0 | 79.00 | 575.00 | 654.00 | NOTE | |
r-oldrel-macos-arm64 | 3.0.0 | 342.00 | OK | |||
r-oldrel-macos-x86_64 | 3.0.0 | 458.00 | OK | |||
r-oldrel-windows-x86_64 | 3.0.0 | 103.00 | 689.00 | 792.00 | NOTE |
Version: 3.0.0
Check: C++ specification
Result: NOTE
Specified C++11: please drop specification unless essential
Flavors: r-devel-windows-x86_64, r-release-windows-x86_64, r-oldrel-windows-x86_64