CRAN Package Check Results for Package openbankeR

Last updated on 2024-03-02 00:53:32 CET.

Flavor Version Tinstall Tcheck Ttotal Status Flags
r-devel-linux-x86_64-debian-clang 0.1.1 2.98 25.53 28.51 OK
r-devel-linux-x86_64-debian-gcc 0.1.1 2.27 20.29 22.56 OK
r-devel-linux-x86_64-fedora-clang 0.1.1 37.09 NOTE
r-devel-linux-x86_64-fedora-gcc 0.1.1 45.72 NOTE
r-devel-windows-x86_64 0.1.1 4.00 43.00 47.00 OK
r-patched-linux-x86_64 0.1.1 2.74 24.76 27.50 OK
r-release-linux-x86_64 0.1.1 1.82 25.14 26.96 OK
r-release-macos-arm64 0.1.1 21.00 OK
r-release-macos-x86_64 0.1.1 28.00 OK
r-release-windows-x86_64 0.1.1 6.00 43.00 49.00 OK
r-oldrel-macos-arm64 0.1.1 17.00 NOTE
r-oldrel-windows-x86_64 0.1.1 4.00 48.00 52.00 OK

Check Details

Version: 0.1.1
Check: dependencies in R code
Result: NOTE Namespaces in Imports field not imported from: ‘dplyr’ ‘glue’ ‘httpcode’ ‘httr’ ‘jsonlite’ ‘tidyr’ All declared Imports should be used. Flavors: r-devel-linux-x86_64-fedora-clang, r-devel-linux-x86_64-fedora-gcc, r-oldrel-macos-arm64