CRAN Package Check Results for Package optbdmaeAT

Last updated on 2024-03-01 00:55:26 CET.

Flavor Version Tinstall Tcheck Ttotal Status Flags
r-devel-linux-x86_64-debian-clang 1.0.1 13.39 88.93 102.32 NOTE
r-devel-linux-x86_64-debian-gcc 1.0.1 9.60 66.93 76.53 NOTE
r-devel-linux-x86_64-fedora-clang 1.0.1 127.14 NOTE
r-devel-linux-x86_64-fedora-gcc 1.0.1 115.97 NOTE
r-devel-windows-x86_64 1.0.1 10.00 99.00 109.00 OK
r-patched-linux-x86_64 1.0.1 14.34 85.31 99.65 NOTE
r-release-linux-x86_64 1.0.1 10.64 83.92 94.56 NOTE
r-release-macos-arm64 1.0.1 42.00 OK
r-release-macos-x86_64 1.0.1 66.00 OK
r-release-windows-x86_64 1.0.1 13.00 92.00 105.00 OK
r-oldrel-macos-arm64 1.0.1 40.00 OK
r-oldrel-windows-x86_64 1.0.1 13.00 100.00 113.00 OK

Check Details

Version: 1.0.1
Check: for non-standard things in the check directory
Result: NOTE Found the following files/directories: ‘Graph_layout_Doptbd_trtE’ Flavors: r-devel-linux-x86_64-debian-clang, r-devel-linux-x86_64-debian-gcc, r-devel-linux-x86_64-fedora-clang, r-devel-linux-x86_64-fedora-gcc, r-patched-linux-x86_64, r-release-linux-x86_64