CRAN Package Check Results for Package optrcdmaeAT

Last updated on 2024-03-02 00:53:32 CET.

Flavor Version Tinstall Tcheck Ttotal Status Flags
r-devel-linux-x86_64-debian-clang 1.0.0 13.48 89.15 102.63 NOTE
r-devel-linux-x86_64-debian-gcc 1.0.0 10.76 68.40 79.16 NOTE
r-devel-linux-x86_64-fedora-clang 1.0.0 129.32 NOTE
r-devel-linux-x86_64-fedora-gcc 1.0.0 118.55 NOTE
r-devel-windows-x86_64 1.0.0 10.00 97.00 107.00 OK
r-patched-linux-x86_64 1.0.0 16.42 86.09 102.51 NOTE
r-release-linux-x86_64 1.0.0 9.81 84.60 94.41 NOTE
r-release-macos-arm64 1.0.0 44.00 OK
r-release-macos-x86_64 1.0.0 67.00 OK
r-release-windows-x86_64 1.0.0 13.00 89.00 102.00 OK
r-oldrel-macos-arm64 1.0.0 40.00 OK
r-oldrel-windows-x86_64 1.0.0 14.00 92.00 106.00 OK

Check Details

Version: 1.0.0
Check: for non-standard things in the check directory
Result: NOTE Found the following files/directories: ‘Graph_layout_Doptrcd_trtE’ Flavors: r-devel-linux-x86_64-debian-clang, r-devel-linux-x86_64-debian-gcc, r-devel-linux-x86_64-fedora-clang, r-devel-linux-x86_64-fedora-gcc, r-patched-linux-x86_64, r-release-linux-x86_64