CRAN Package Check Results for Package opusminer

Last updated on 2024-02-22 08:54:15 CET.

Flavor Version Tinstall Tcheck Ttotal Status Flags
r-devel-linux-x86_64-debian-clang 0.1-1 NOTE
r-devel-linux-x86_64-debian-gcc 0.1-1 42.92 62.28 105.20 NOTE
r-devel-linux-x86_64-fedora-clang 0.1-1 202.22 NOTE
r-devel-linux-x86_64-fedora-gcc 0.1-1 179.82 NOTE
r-devel-windows-x86_64 0.1-1 46.00 92.00 138.00 NOTE
r-patched-linux-x86_64 0.1-1 54.56 81.27 135.83 NOTE
r-release-linux-x86_64 0.1-1 53.09 81.46 134.55 NOTE
r-release-macos-arm64 0.1-1 51.00 NOTE
r-release-macos-x86_64 0.1-1 88.00 NOTE
r-release-windows-x86_64 0.1-1 58.00 146.00 204.00 NOTE
r-oldrel-macos-arm64 0.1-1 46.00 NOTE
r-oldrel-windows-x86_64 0.1-1 53.00 104.00 157.00 NOTE

Check Details

Version: 0.1-1
Check: LazyData
Result: NOTE 'LazyData' is specified without a 'data' directory Flavors: r-devel-linux-x86_64-debian-clang, r-devel-linux-x86_64-debian-gcc, r-devel-linux-x86_64-fedora-clang, r-devel-linux-x86_64-fedora-gcc, r-devel-windows-x86_64, r-patched-linux-x86_64, r-release-linux-x86_64, r-release-macos-arm64, r-release-macos-x86_64, r-release-windows-x86_64, r-oldrel-macos-arm64, r-oldrel-windows-x86_64