CRAN Package Check Results for Package ora

Last updated on 2024-02-25 08:53:08 CET.

Flavor Version Tinstall Tcheck Ttotal Status Flags
r-devel-linux-x86_64-debian-clang 2.0-1 3.16 31.49 34.65 OK --install=fake --no-examples --no-tests --no-vignettes
r-devel-linux-x86_64-debian-gcc 2.0-1 2.16 24.35 26.51 OK --install=fake --no-examples --no-tests --no-vignettes
r-devel-windows-x86_64 2.0-1 1.00 5.00 6.00 ERROR
r-patched-linux-x86_64 2.0-1 3.03 31.20 34.23 OK --install=fake --no-examples --no-tests --no-vignettes
r-release-linux-x86_64 2.0-1 3.06 30.53 33.59 OK --install=fake --no-examples --no-tests --no-vignettes
r-release-macos-arm64 2.0-1 9.00 ERROR
r-release-macos-x86_64 2.0-1 6.00 ERROR
r-release-windows-x86_64 2.0-1 1.00 6.00 7.00 ERROR
r-oldrel-macos-arm64 2.0-1 10.00 ERROR
r-oldrel-windows-x86_64 2.0-1 1.00 7.00 8.00 ERROR

Check Details

Version: 2.0-1
Check: package dependencies
Result: ERROR Package required but not available: 'ROracle' See section 'The DESCRIPTION file' in the 'Writing R Extensions' manual. Flavors: r-devel-windows-x86_64, r-release-macos-arm64, r-release-macos-x86_64, r-release-windows-x86_64, r-oldrel-macos-arm64, r-oldrel-windows-x86_64