CRAN Package Check Results for Package ordinalLBM

Last updated on 2024-02-25 16:51:48 CET.

Flavor Version Tinstall Tcheck Ttotal Status Flags
r-devel-linux-x86_64-debian-clang 1.0 2.45 27.37 29.82 OK
r-devel-linux-x86_64-debian-gcc 1.0 2.23 20.73 22.96 OK
r-devel-linux-x86_64-fedora-clang 1.0 36.88 NOTE
r-devel-linux-x86_64-fedora-gcc 1.0 35.84 NOTE
r-devel-windows-x86_64 1.0 4.00 43.00 47.00 OK
r-patched-linux-x86_64 1.0 3.03 26.76 29.79 OK
r-release-linux-x86_64 1.0 2.80 26.43 29.23 OK
r-release-macos-arm64 1.0 18.00 OK
r-release-macos-x86_64 1.0 23.00 OK
r-release-windows-x86_64 1.0 5.00 44.00 49.00 OK
r-oldrel-macos-arm64 1.0 17.00 NOTE
r-oldrel-windows-x86_64 1.0 4.00 46.00 50.00 OK

Check Details

Version: 1.0
Check: dependencies in R code
Result: NOTE Namespace in Imports field not imported from: ‘reshape2’ All declared Imports should be used. Flavors: r-devel-linux-x86_64-fedora-clang, r-devel-linux-x86_64-fedora-gcc, r-oldrel-macos-arm64