CRAN Package Check Results for Package orthoDr

Last updated on 2024-02-29 00:55:48 CET.

Flavor Version Tinstall Tcheck Ttotal Status Flags
r-devel-linux-x86_64-debian-clang 0.6.7 298.15 128.51 426.66 NOTE
r-devel-linux-x86_64-debian-gcc 0.6.7 234.27 98.46 332.73 NOTE
r-devel-linux-x86_64-fedora-clang 0.6.7 656.06 NOTE
r-devel-linux-x86_64-fedora-gcc 0.6.7 632.77 NOTE
r-devel-windows-x86_64 0.6.7 207.00 153.00 360.00 NOTE
r-patched-linux-x86_64 0.6.7 258.11 114.24 372.35 OK
r-release-linux-x86_64 0.6.7 281.96 114.64 396.60 OK
r-release-macos-arm64 0.6.7 123.00 NOTE
r-release-macos-x86_64 0.6.7 176.00 NOTE
r-release-windows-x86_64 0.6.7 270.00 147.00 417.00 OK
r-oldrel-macos-arm64 0.6.7 192.00 NOTE
r-oldrel-windows-x86_64 0.6.7 255.00 139.00 394.00 OK

Check Details

Version: 0.6.7
Check: Rd \usage sections
Result: NOTE Documented arguments not in \usage in Rd file 'dosepred.Rd': ‘w’ Documented arguments not in \usage in Rd file 'surv_dm_solver.Rd': ‘bw_optim’ Documented arguments not in \usage in Rd file 'surv_forward_solver.Rd': ‘Phit’ Functions with \usage entries need to have the appropriate \alias entries, and all their arguments documented. The \usage entries must correspond to syntactically valid R code. See chapter ‘Writing R documentation files’ in the ‘Writing R Extensions’ manual. Flavors: r-devel-linux-x86_64-debian-clang, r-devel-linux-x86_64-debian-gcc, r-devel-linux-x86_64-fedora-clang, r-devel-linux-x86_64-fedora-gcc, r-devel-windows-x86_64

Version: 0.6.7
Check: installed package size
Result: NOTE installed size is 10.0Mb sub-directories of 1Mb or more: libs 9.6Mb Flavors: r-release-macos-arm64, r-release-macos-x86_64, r-oldrel-macos-arm64