Last updated on 2024-05-02 16:48:30 CEST.
Flavor | Version | Tinstall | Tcheck | Ttotal | Status | Flags |
---|---|---|---|---|---|---|
r-devel-linux-x86_64-debian-clang | 0.1.4 | 33.52 | 52.98 | 86.50 | NOTE | |
r-devel-linux-x86_64-debian-gcc | 0.1.4 | 24.08 | 39.21 | 63.29 | NOTE | |
r-devel-linux-x86_64-fedora-clang | 0.1.4 | 118.25 | NOTE | |||
r-devel-linux-x86_64-fedora-gcc | 0.1.4 | 114.21 | NOTE | |||
r-devel-windows-x86_64 | 0.1.4 | 29.00 | 89.00 | 118.00 | NOTE | |
r-patched-linux-x86_64 | 0.1.4 | 33.23 | 50.40 | 83.63 | NOTE | |
r-release-linux-x86_64 | 0.1.4 | 32.28 | 51.96 | 84.24 | NOTE | |
r-release-macos-arm64 | 0.1.4 | 30.00 | NOTE | |||
r-release-windows-x86_64 | 0.1.4 | 28.00 | 91.00 | 119.00 | NOTE | |
r-oldrel-macos-arm64 | 0.1.4 | 34.00 | OK | |||
r-oldrel-macos-x86_64 | 0.1.4 | 62.00 | OK | |||
r-oldrel-windows-x86_64 | 0.1.4 | 34.00 | 97.00 | 131.00 | OK |
Version: 0.1.4
Check: Rd files
Result: NOTE
checkRd: (-1) DTV.Rd:20: Lost braces in \itemize; \value handles \item{}{} directly
checkRd: (-1) DTV.Rd:21: Lost braces in \itemize; \value handles \item{}{} directly
checkRd: (-1) DTV.Rd:22: Lost braces in \itemize; \value handles \item{}{} directly
checkRd: (-1) DTV.Rd:23: Lost braces in \itemize; \value handles \item{}{} directly
checkRd: (-1) DTV.Rd:24: Lost braces in \itemize; \value handles \item{}{} directly
Flavors: r-devel-linux-x86_64-debian-clang, r-devel-linux-x86_64-debian-gcc, r-devel-linux-x86_64-fedora-clang, r-devel-linux-x86_64-fedora-gcc, r-devel-windows-x86_64, r-patched-linux-x86_64, r-release-linux-x86_64, r-release-macos-arm64, r-release-windows-x86_64