CRAN Package Check Results for Package packer

Last updated on 2024-02-26 00:50:54 CET.

Flavor Version Tinstall Tcheck Ttotal Status Flags
r-devel-linux-x86_64-debian-clang 0.1.3 5.48 47.62 53.10 NOTE
r-devel-linux-x86_64-debian-gcc 0.1.3 3.44 37.44 40.88 NOTE
r-devel-linux-x86_64-fedora-clang 0.1.3 71.16 NOTE
r-devel-linux-x86_64-fedora-gcc 0.1.3 67.78 NOTE
r-devel-windows-x86_64 0.1.3 7.00 65.00 72.00 NOTE
r-patched-linux-x86_64 0.1.3 5.21 47.59 52.80 NOTE
r-release-linux-x86_64 0.1.3 4.01 47.46 51.47 NOTE
r-release-macos-arm64 0.1.3 24.00 NOTE
r-release-macos-x86_64 0.1.3 41.00 NOTE
r-release-windows-x86_64 0.1.3 10.00 71.00 81.00 NOTE
r-oldrel-macos-arm64 0.1.3 24.00 OK
r-oldrel-windows-x86_64 0.1.3 9.00 66.00 75.00 OK

Check Details

Version: 0.1.3
Check: package subdirectories
Result: NOTE Problems with news in ‘NEWS.md’: Cannot extract version info from the following section titles: Changes Flavors: r-devel-linux-x86_64-debian-clang, r-devel-linux-x86_64-debian-gcc, r-devel-linux-x86_64-fedora-clang, r-devel-linux-x86_64-fedora-gcc, r-devel-windows-x86_64, r-patched-linux-x86_64, r-release-linux-x86_64, r-release-macos-arm64, r-release-macos-x86_64, r-release-windows-x86_64