Last updated on 2024-05-02 16:48:29 CEST.
Flavor | Version | Tinstall | Tcheck | Ttotal | Status | Flags |
---|---|---|---|---|---|---|
r-devel-linux-x86_64-debian-clang | 0.7.2 | 179.73 | 56.09 | 235.82 | OK | |
r-devel-linux-x86_64-debian-gcc | 0.7.2 | 150.72 | 40.52 | 191.24 | OK | |
r-devel-linux-x86_64-fedora-clang | 0.7.2 | 312.83 | NOTE | |||
r-devel-linux-x86_64-fedora-gcc | 0.7.2 | 341.43 | OK | |||
r-devel-windows-x86_64 | 0.7.2 | 381.00 | 67.00 | 448.00 | NOTE | |
r-patched-linux-x86_64 | 0.7.2 | 189.48 | 52.83 | 242.31 | OK | |
r-release-linux-x86_64 | 0.7.2 | 184.77 | 52.97 | 237.74 | OK | |
r-release-macos-arm64 | 0.7.2 | 101.00 | NOTE | |||
r-release-macos-x86_64 | 0.7.2 | 278.00 | NOTE | |||
r-release-windows-x86_64 | 0.7.2 | 379.00 | 67.00 | 446.00 | NOTE | |
r-oldrel-macos-arm64 | 0.7.2 | 130.00 | NOTE | |||
r-oldrel-macos-x86_64 | 0.7.2 | 291.00 | NOTE | |||
r-oldrel-windows-x86_64 | 0.7.2 | 373.00 | 74.00 | 447.00 | NOTE |
Version: 0.7.2
Check: installed package size
Result: NOTE
installed size is 7.9Mb
sub-directories of 1Mb or more:
library 7.1Mb
Flavors: r-devel-linux-x86_64-fedora-clang, r-devel-windows-x86_64, r-release-macos-arm64, r-release-macos-x86_64, r-release-windows-x86_64, r-oldrel-macos-arm64, r-oldrel-macos-x86_64, r-oldrel-windows-x86_64