CRAN Package Check Results for Package paleotree

Last updated on 2024-02-26 00:50:54 CET.

Flavor Version Tinstall Tcheck Ttotal Status Flags
r-devel-linux-x86_64-debian-clang 3.4.5 26.94 438.39 465.33 NOTE
r-devel-linux-x86_64-debian-gcc 3.4.5 23.51 316.74 340.25 NOTE
r-devel-linux-x86_64-fedora-clang 3.4.5 557.29 OK
r-devel-linux-x86_64-fedora-gcc 3.4.5 549.79 OK
r-devel-windows-x86_64 3.4.5 24.00 296.00 320.00 OK
r-patched-linux-x86_64 3.4.5 40.06 433.89 473.95 OK
r-release-linux-x86_64 3.4.5 27.18 432.82 460.00 OK
r-release-macos-arm64 3.4.5 131.00 OK
r-release-macos-x86_64 3.4.5 226.00 OK
r-release-windows-x86_64 3.4.5 33.00 407.00 440.00 OK
r-oldrel-macos-arm64 3.4.5 127.00 OK
r-oldrel-windows-x86_64 3.4.5 31.00 368.00 399.00 OK

Check Details

Version: 3.4.5
Check: Rd files
Result: NOTE checkRd: (-1) branchClasses.Rd:15: Lost braces; missing escapes or markup? 15 | \item{whichExtant}{A logical vector with length equal to number of tips in the tree. A {TRUE} value indicates | ^ checkRd: (-1) minCharChange.Rd:134: Lost braces; missing escapes or markup? 134 | an identical name in function \code{phyDat} in package {phangorn}. | ^ checkRd: (-1) resolveTreeChar.Rd:98: Lost braces; missing escapes or markup? 98 | an identical name in function \code{phyDat} in package {phangorn}. | ^ checkRd: (-1) simFossilRecord.Rd:44: Lost braces 44 | since its origination time is code{D}, | ^ Flavors: r-devel-linux-x86_64-debian-clang, r-devel-linux-x86_64-debian-gcc