Last updated on 2023-12-05 08:55:34 CET.
Flavor | Version | Tinstall | Tcheck | Ttotal | Status | Flags |
---|---|---|---|---|---|---|
r-devel-linux-x86_64-debian-clang | 0.6.5 | 41.52 | 93.54 | 135.06 | NOTE | |
r-devel-linux-x86_64-debian-gcc | 0.6.5 | 25.43 | 69.91 | 95.34 | NOTE | |
r-devel-linux-x86_64-fedora-clang | 0.6.5 | 177.27 | OK | |||
r-devel-linux-x86_64-fedora-gcc | 0.6.5 | 179.15 | OK | |||
r-devel-windows-x86_64 | 0.6.5 | 34.00 | 124.00 | 158.00 | OK | |
r-patched-linux-x86_64 | 0.6.5 | 37.14 | 88.76 | 125.90 | OK | |
r-release-linux-x86_64 | 0.6.5 | 31.75 | 89.43 | 121.18 | OK | |
r-release-macos-arm64 | 0.6.5 | 60.00 | OK | |||
r-release-macos-x86_64 | 0.6.5 | 93.00 | OK | |||
r-release-windows-x86_64 | 0.6.5 | 36.00 | 140.00 | 176.00 | OK | |
r-oldrel-macos-arm64 | 0.6.5 | 53.00 | OK | |||
r-oldrel-macos-x86_64 | 0.6.5 | 70.00 | OK | |||
r-oldrel-windows-x86_64 | 0.6.5 | 40.00 | 123.00 | 163.00 | OK |
Version: 0.6.5
Check: Rd files
Result: NOTE
checkRd: (-1) Pandoc.convert.Rd:42: Lost braces
42 | Calling John MacFarlane's great program to convert specified file (see \code{f} parameter below) or character vector {see \code{text} paramater} to other formats like \code{HTML}, \code{pdf}, \code{docx}, \code{odt} etc.
| ^
Flavors: r-devel-linux-x86_64-debian-clang, r-devel-linux-x86_64-debian-gcc