CRAN Package Check Results for Package parquetize

Last updated on 2024-02-26 00:50:54 CET.

Flavor Version Tinstall Tcheck Ttotal Status Flags
r-devel-linux-x86_64-debian-clang 0.5.6.1 0.59 2.28 2.87 ERROR
r-devel-linux-x86_64-debian-gcc 0.5.6.1 6.62 73.12 79.74 NOTE
r-devel-linux-x86_64-fedora-clang 0.5.6.1 139.47 NOTE
r-devel-linux-x86_64-fedora-gcc 0.5.6.1 139.39 NOTE
r-devel-windows-x86_64 0.5.6.1 8.00 109.00 117.00 NOTE
r-patched-linux-x86_64 0.5.6.1 6.51 94.81 101.32 OK
r-release-linux-x86_64 0.5.6.1 5.66 93.79 99.45 OK
r-release-macos-arm64 0.5.6.1 60.00 OK
r-release-macos-x86_64 0.5.6.1 114.00 OK
r-release-windows-x86_64 0.5.6.1 11.00 129.00 140.00 OK
r-oldrel-macos-arm64 0.5.6.1 56.00 OK
r-oldrel-windows-x86_64 0.5.6.1 13.00 118.00 131.00 OK

Check Details

Version: 0.5.6.1
Check: package dependencies
Result: ERROR Package required but not available: ‘arrow’ See section ‘The DESCRIPTION file’ in the ‘Writing R Extensions’ manual. Flavor: r-devel-linux-x86_64-debian-clang

Version: 0.5.6.1
Check: Rd \usage sections
Result: NOTE Documented arguments not in \usage in Rd file 'expect_missing_argument.Rd': ‘message’ Functions with \usage entries need to have the appropriate \alias entries, and all their arguments documented. The \usage entries must correspond to syntactically valid R code. See chapter ‘Writing R documentation files’ in the ‘Writing R Extensions’ manual. Flavors: r-devel-linux-x86_64-debian-gcc, r-devel-linux-x86_64-fedora-clang, r-devel-linux-x86_64-fedora-gcc, r-devel-windows-x86_64