CRAN Package Check Results for Package parsec

Last updated on 2024-02-28 08:54:36 CET.

Flavor Version Tinstall Tcheck Ttotal Status Flags
r-devel-linux-x86_64-debian-clang 1.2.7 12.77 116.94 129.71 NOTE
r-devel-linux-x86_64-debian-gcc 1.2.7 10.25 87.13 97.38 NOTE
r-devel-linux-x86_64-fedora-clang 1.2.7 157.20 NOTE
r-devel-linux-x86_64-fedora-gcc 1.2.7 152.85 NOTE
r-devel-windows-x86_64 1.2.7 13.00 115.00 128.00 OK
r-patched-linux-x86_64 1.2.7 17.54 114.42 131.96 OK
r-release-linux-x86_64 1.2.7 13.53 112.54 126.07 OK
r-release-macos-arm64 1.2.7 57.00 OK
r-release-macos-x86_64 1.2.7 93.00 OK
r-release-windows-x86_64 1.2.7 18.00 134.00 152.00 OK
r-oldrel-macos-arm64 1.2.7 51.00 OK
r-oldrel-windows-x86_64 1.2.7 16.00 137.00 153.00 OK

Check Details

Version: 1.2.7
Check: Rd files
Result: NOTE checkRd: (-1) summary.parsec.Rd:13-14: Lost braces in \itemize; meant \describe ? Flavors: r-devel-linux-x86_64-debian-clang, r-devel-linux-x86_64-debian-gcc, r-devel-linux-x86_64-fedora-clang, r-devel-linux-x86_64-fedora-gcc