Last updated on 2024-05-06 00:52:53 CEST.
Flavor | Version | Tinstall | Tcheck | Ttotal | Status | Flags |
---|---|---|---|---|---|---|
r-devel-linux-x86_64-debian-clang | 0.2.0 | 116.82 | 330.24 | 447.06 | OK | |
r-devel-linux-x86_64-debian-gcc | 0.2.0 | 92.41 | 240.19 | 332.60 | OK | |
r-devel-linux-x86_64-fedora-clang | 0.2.0 | 582.84 | OK | |||
r-devel-linux-x86_64-fedora-gcc | 0.2.0 | 586.62 | OK | |||
r-devel-windows-x86_64 | 0.2.0 | 93.00 | 282.00 | 375.00 | NOTE | |
r-patched-linux-x86_64 | 0.2.0 | 113.71 | 319.17 | 432.88 | OK | |
r-release-linux-x86_64 | 0.2.0 | 85.31 | 318.98 | 404.29 | OK | |
r-release-macos-arm64 | 0.2.0 | 160.00 | NOTE | |||
r-release-macos-x86_64 | 0.2.0 | 306.00 | NOTE | |||
r-release-windows-x86_64 | 0.2.0 | 100.00 | 300.00 | 400.00 | NOTE | |
r-oldrel-macos-arm64 | 0.2.0 | 147.00 | NOTE | |||
r-oldrel-macos-x86_64 | 0.2.0 | 265.00 | NOTE | |||
r-oldrel-windows-x86_64 | 0.2.0 | 114.00 | 345.00 | 459.00 | NOTE |
Version: 0.2.0
Check: installed package size
Result: NOTE
installed size is 5.3Mb
sub-directories of 1Mb or more:
doc 2.8Mb
libs 1.3Mb
Flavors: r-devel-windows-x86_64, r-release-macos-arm64, r-release-macos-x86_64, r-release-windows-x86_64, r-oldrel-macos-arm64, r-oldrel-macos-x86_64, r-oldrel-windows-x86_64