CRAN Package Check Results for Package path.chain

Last updated on 2024-02-25 08:53:09 CET.

Flavor Version Tinstall Tcheck Ttotal Status Flags
r-devel-linux-x86_64-debian-clang 0.2.0 2.85 37.01 39.86 NOTE
r-devel-linux-x86_64-debian-gcc 0.2.0 1.92 29.23 31.15 NOTE
r-devel-linux-x86_64-fedora-clang 0.2.0 50.25 NOTE
r-devel-linux-x86_64-fedora-gcc 0.2.0 58.90 NOTE
r-devel-windows-x86_64 0.2.0 4.00 53.00 57.00 NOTE
r-patched-linux-x86_64 0.2.0 2.74 36.41 39.15 NOTE
r-release-linux-x86_64 0.2.0 2.70 35.99 38.69 NOTE
r-release-macos-arm64 0.2.0 28.00 NOTE
r-release-macos-x86_64 0.2.0 40.00 NOTE
r-release-windows-x86_64 0.2.0 4.00 57.00 61.00 NOTE
r-oldrel-macos-arm64 0.2.0 23.00 NOTE
r-oldrel-windows-x86_64 0.2.0 5.00 60.00 65.00 NOTE

Check Details

Version: 0.2.0
Check: Rd files
Result: NOTE checkRd: (-1) as_config.Rd:32: Lost braces; missing escapes or markup? 32 | with `{config}` package, which requires existence of default key. | ^ checkRd: (-1) as_config.Rd:28: Lost braces; missing escapes or markup? 28 | list compatible with `{config}` package | ^ Flavors: r-devel-linux-x86_64-debian-clang, r-devel-linux-x86_64-debian-gcc

Version: 0.2.0
Check: LazyData
Result: NOTE 'LazyData' is specified without a 'data' directory Flavors: r-devel-linux-x86_64-debian-clang, r-devel-linux-x86_64-debian-gcc, r-devel-linux-x86_64-fedora-clang, r-devel-linux-x86_64-fedora-gcc, r-devel-windows-x86_64, r-patched-linux-x86_64, r-release-linux-x86_64, r-release-macos-arm64, r-release-macos-x86_64, r-release-windows-x86_64, r-oldrel-macos-arm64, r-oldrel-windows-x86_64

Version: 0.2.0
Check: dependencies in R code
Result: NOTE Namespace in Imports field not imported from: ‘logger’ All declared Imports should be used. Flavors: r-devel-linux-x86_64-fedora-clang, r-devel-linux-x86_64-fedora-gcc